{"id":140,"date":"2020-02-14T11:32:12","date_gmt":"2020-02-14T10:32:12","guid":{"rendered":"http:\/\/asah-bxl.be\/?page_id=140"},"modified":"2022-10-20T12:19:20","modified_gmt":"2022-10-20T10:19:20","slug":"lescale","status":"publish","type":"page","link":"https:\/\/asah-bxl.be\/index.php\/services\/lescale\/","title":{"rendered":"L&rsquo;Escale"},"content":{"rendered":"\n<pre class=\"wp-block-preformatted\"><\/pre>\n\n\n\n<figure class=\"wp-block-image size-large is-resized\"><img fetchpriority=\"high\" decoding=\"async\" src=\"https:\/\/asah-bxl.be\/wp-content\/uploads\/2020\/02\/Image1.png\" alt=\"\" class=\"wp-image-242\" width=\"246\" height=\"304\"\/><\/figure>\n\n\n\n<pre class=\"wp-block-preformatted\"><\/pre>\n\n\n\n<p>\u2709\nAv. L\u00e9on\nMahillon, 38 &#8211; 1030 Bruxelles<\/p>\n\n\n\n<p>\u260f 02\/218.79.01 ou 0494\/71.34.37<\/p>\n\n\n\n<p><a href=\"mailto:direction@escaleasbl.be\">direction@escaleasbl.be<\/a><\/p>\n\n\n\n<p>C\u2019est un service d\u2019accompagnement pour personnes sourdes ou malentendantes, cr\u00e9\u00e9 en 1993, \u00e0 Bruxelles. Notre service a pour objectif de promouvoir l\u2019autonomie des personnes sourdes dans le respect de leur culture et de leur langue mais aussi de leurs comp\u00e9tences, limites et demandes.<br>L\u2019Escale est un interm\u00e9diaire entre la personne sourde et la soci\u00e9t\u00e9 majoritairement entendante, pour plus de compr\u00e9hension et de respect.<\/p>\n\n\n\n<p>L&rsquo;Escale propose:<\/p>\n\n\n\n<ul class=\"wp-block-list\"><li>Soutien, aide, guidance, information<\/li><li>Des entretiens \u00e0 domicile ou \u00e0 L&rsquo;Escale<\/li><li>Divers accompagnements dans :<br>\u00a0 &#8211; le suivi sant\u00e9 : m\u00e9decin ~ h\u00f4pital ~ traitement\u2026<br>\u00a0 &#8211; la gestion du logement : courses ~ budget ~ propri\u00e9taire&#8230;<br>\u00a0 &#8211; les d\u00e9marches administratives : ch\u00f4mage ~ mutuelle ~ commune&#8230;<br>\u00a0 &#8211; la vie sociale, familiale, professionnelle : loisirs ~ \u00e9cole ~ travail&#8230;<\/li><li>Des apprentissages individuels :<br>Cuisine ~ vie quotidienne ~ budget ~ gsm \/ fax \/ mail ~ d\u00e9placement&#8230;<\/li><\/ul>\n\n\n\n<p><a href=\"http:\/\/www.escaleasbl.be\">www.escaleasbl.be<\/a><\/p>\n","protected":false},"excerpt":{"rendered":"<p>\u2709 Av. L\u00e9on Mahillon, 38 &#8211; 1030 Bruxelles \u260f 02\/218.79.01 ou 0494\/71.34.37 direction@escaleasbl.be C\u2019est un service d\u2019accompagnement pour personnes sourdes ou malentendantes, cr\u00e9\u00e9 en 1993, \u00e0 Bruxelles. Notre service a pour objectif de promouvoir l\u2019autonomie des personnes sourdes dans le respect de leur culture et de leur langue mais aussi de leurs comp\u00e9tences, limites et <a href=\"https:\/\/asah-bxl.be\/index.php\/services\/lescale\/\" rel=\"nofollow\"><span class=\"sr-only\">En savoir plus surL&rsquo;Escale<\/span>[&hellip;]<\/a><\/p>\n","protected":false},"author":1,"featured_media":0,"parent":98,"menu_order":0,"comment_status":"closed","ping_status":"closed","template":"","meta":{"_bbp_topic_count":0,"_bbp_reply_count":0,"_bbp_total_topic_count":0,"_bbp_total_reply_count":0,"_bbp_voice_count":0,"_bbp_anonymous_reply_count":0,"_bbp_topic_count_hidden":0,"_bbp_reply_count_hidden":0,"_bbp_forum_subforum_count":0,"footnotes":""},"class_list":["post-140","page","type-page","status-publish","hentry"],"yoast_head":"<!-- This site is optimized with the Yoast SEO plugin v23.4 - https:\/\/yoast.com\/wordpress\/plugins\/seo\/ -->\n<title>L&#039;Escale - ASAH-BXL<\/title>\n<meta name=\"robots\" content=\"index, follow, max-snippet:-1, max-image-preview:large, max-video-preview:-1\" \/>\n<link rel=\"canonical\" href=\"https:\/\/asah-bxl.be\/index.php\/services\/lescale\/\" \/>\n<meta property=\"og:locale\" content=\"fr_FR\" \/>\n<meta property=\"og:type\" content=\"article\" \/>\n<meta property=\"og:title\" content=\"L&#039;Escale - ASAH-BXL\" \/>\n<meta property=\"og:description\" content=\"\u2709 Av. L\u00e9on Mahillon, 38 &#8211; 1030 Bruxelles \u260f 02\/218.79.01 ou 0494\/71.34.37 direction@escaleasbl.be C\u2019est un service d\u2019accompagnement pour personnes sourdes ou malentendantes, cr\u00e9\u00e9 en 1993, \u00e0 Bruxelles. Notre service a pour objectif de promouvoir l\u2019autonomie des personnes sourdes dans le respect de leur culture et de leur langue mais aussi de leurs comp\u00e9tences, limites et En savoir plus surL&rsquo;Escale[&hellip;]\" \/>\n<meta property=\"og:url\" content=\"https:\/\/asah-bxl.be\/index.php\/services\/lescale\/\" \/>\n<meta property=\"og:site_name\" content=\"ASAH-BXL\" \/>\n<meta property=\"article:modified_time\" content=\"2022-10-20T10:19:20+00:00\" \/>\n<meta property=\"og:image\" content=\"http:\/\/asah-bxl.be\/wp-content\/uploads\/2020\/02\/Image1.png\" \/>\n<meta name=\"twitter:card\" content=\"summary_large_image\" \/>\n<meta name=\"twitter:label1\" content=\"Dur\u00e9e de lecture estim\u00e9e\" \/>\n\t<meta name=\"twitter:data1\" content=\"1 minute\" \/>\n<script type=\"application\/ld+json\" class=\"yoast-schema-graph\">{\"@context\":\"https:\/\/schema.org\",\"@graph\":[{\"@type\":\"WebPage\",\"@id\":\"https:\/\/asah-bxl.be\/index.php\/services\/lescale\/\",\"url\":\"https:\/\/asah-bxl.be\/index.php\/services\/lescale\/\",\"name\":\"L'Escale - ASAH-BXL\",\"isPartOf\":{\"@id\":\"https:\/\/asah-bxl.be\/#website\"},\"primaryImageOfPage\":{\"@id\":\"https:\/\/asah-bxl.be\/index.php\/services\/lescale\/#primaryimage\"},\"image\":{\"@id\":\"https:\/\/asah-bxl.be\/index.php\/services\/lescale\/#primaryimage\"},\"thumbnailUrl\":\"http:\/\/asah-bxl.be\/wp-content\/uploads\/2020\/02\/Image1.png\",\"datePublished\":\"2020-02-14T10:32:12+00:00\",\"dateModified\":\"2022-10-20T10:19:20+00:00\",\"breadcrumb\":{\"@id\":\"https:\/\/asah-bxl.be\/index.php\/services\/lescale\/#breadcrumb\"},\"inLanguage\":\"fr-FR\",\"potentialAction\":[{\"@type\":\"ReadAction\",\"target\":[\"https:\/\/asah-bxl.be\/index.php\/services\/lescale\/\"]}]},{\"@type\":\"ImageObject\",\"inLanguage\":\"fr-FR\",\"@id\":\"https:\/\/asah-bxl.be\/index.php\/services\/lescale\/#primaryimage\",\"url\":\"http:\/\/asah-bxl.be\/wp-content\/uploads\/2020\/02\/Image1.png\",\"contentUrl\":\"http:\/\/asah-bxl.be\/wp-content\/uploads\/2020\/02\/Image1.png\"},{\"@type\":\"BreadcrumbList\",\"@id\":\"https:\/\/asah-bxl.be\/index.php\/services\/lescale\/#breadcrumb\",\"itemListElement\":[{\"@type\":\"ListItem\",\"position\":1,\"name\":\"Accueil\",\"item\":\"https:\/\/asah-bxl.be\/\"},{\"@type\":\"ListItem\",\"position\":2,\"name\":\"Services\",\"item\":\"https:\/\/asah-bxl.be\/index.php\/services\/\"},{\"@type\":\"ListItem\",\"position\":3,\"name\":\"L&rsquo;Escale\"}]},{\"@type\":\"WebSite\",\"@id\":\"https:\/\/asah-bxl.be\/#website\",\"url\":\"https:\/\/asah-bxl.be\/\",\"name\":\"ASAH-BXL\",\"description\":\"\",\"publisher\":{\"@id\":\"https:\/\/asah-bxl.be\/#organization\"},\"potentialAction\":[{\"@type\":\"SearchAction\",\"target\":{\"@type\":\"EntryPoint\",\"urlTemplate\":\"https:\/\/asah-bxl.be\/?s={search_term_string}\"},\"query-input\":{\"@type\":\"PropertyValueSpecification\",\"valueRequired\":true,\"valueName\":\"search_term_string\"}}],\"inLanguage\":\"fr-FR\"},{\"@type\":\"Organization\",\"@id\":\"https:\/\/asah-bxl.be\/#organization\",\"name\":\"ASAH-BXL\",\"url\":\"https:\/\/asah-bxl.be\/\",\"logo\":{\"@type\":\"ImageObject\",\"inLanguage\":\"fr-FR\",\"@id\":\"https:\/\/asah-bxl.be\/#\/schema\/logo\/image\/\",\"url\":\"https:\/\/asah-bxl.be\/wp-content\/uploads\/2020\/02\/cropped-Sans-titre-6-3-9.png\",\"contentUrl\":\"https:\/\/asah-bxl.be\/wp-content\/uploads\/2020\/02\/cropped-Sans-titre-6-3-9.png\",\"width\":724,\"height\":528,\"caption\":\"ASAH-BXL\"},\"image\":{\"@id\":\"https:\/\/asah-bxl.be\/#\/schema\/logo\/image\/\"}}]}<\/script>\n<!-- \/ Yoast SEO plugin. -->","yoast_head_json":{"title":"L'Escale - ASAH-BXL","robots":{"index":"index","follow":"follow","max-snippet":"max-snippet:-1","max-image-preview":"max-image-preview:large","max-video-preview":"max-video-preview:-1"},"canonical":"https:\/\/asah-bxl.be\/index.php\/services\/lescale\/","og_locale":"fr_FR","og_type":"article","og_title":"L'Escale - ASAH-BXL","og_description":"\u2709 Av. L\u00e9on Mahillon, 38 &#8211; 1030 Bruxelles \u260f 02\/218.79.01 ou 0494\/71.34.37 direction@escaleasbl.be C\u2019est un service d\u2019accompagnement pour personnes sourdes ou malentendantes, cr\u00e9\u00e9 en 1993, \u00e0 Bruxelles. Notre service a pour objectif de promouvoir l\u2019autonomie des personnes sourdes dans le respect de leur culture et de leur langue mais aussi de leurs comp\u00e9tences, limites et En savoir plus surL&rsquo;Escale[&hellip;]","og_url":"https:\/\/asah-bxl.be\/index.php\/services\/lescale\/","og_site_name":"ASAH-BXL","article_modified_time":"2022-10-20T10:19:20+00:00","og_image":[{"url":"http:\/\/asah-bxl.be\/wp-content\/uploads\/2020\/02\/Image1.png"}],"twitter_card":"summary_large_image","twitter_misc":{"Dur\u00e9e de lecture estim\u00e9e":"1 minute"},"schema":{"@context":"https:\/\/schema.org","@graph":[{"@type":"WebPage","@id":"https:\/\/asah-bxl.be\/index.php\/services\/lescale\/","url":"https:\/\/asah-bxl.be\/index.php\/services\/lescale\/","name":"L'Escale - ASAH-BXL","isPartOf":{"@id":"https:\/\/asah-bxl.be\/#website"},"primaryImageOfPage":{"@id":"https:\/\/asah-bxl.be\/index.php\/services\/lescale\/#primaryimage"},"image":{"@id":"https:\/\/asah-bxl.be\/index.php\/services\/lescale\/#primaryimage"},"thumbnailUrl":"http:\/\/asah-bxl.be\/wp-content\/uploads\/2020\/02\/Image1.png","datePublished":"2020-02-14T10:32:12+00:00","dateModified":"2022-10-20T10:19:20+00:00","breadcrumb":{"@id":"https:\/\/asah-bxl.be\/index.php\/services\/lescale\/#breadcrumb"},"inLanguage":"fr-FR","potentialAction":[{"@type":"ReadAction","target":["https:\/\/asah-bxl.be\/index.php\/services\/lescale\/"]}]},{"@type":"ImageObject","inLanguage":"fr-FR","@id":"https:\/\/asah-bxl.be\/index.php\/services\/lescale\/#primaryimage","url":"http:\/\/asah-bxl.be\/wp-content\/uploads\/2020\/02\/Image1.png","contentUrl":"http:\/\/asah-bxl.be\/wp-content\/uploads\/2020\/02\/Image1.png"},{"@type":"BreadcrumbList","@id":"https:\/\/asah-bxl.be\/index.php\/services\/lescale\/#breadcrumb","itemListElement":[{"@type":"ListItem","position":1,"name":"Accueil","item":"https:\/\/asah-bxl.be\/"},{"@type":"ListItem","position":2,"name":"Services","item":"https:\/\/asah-bxl.be\/index.php\/services\/"},{"@type":"ListItem","position":3,"name":"L&rsquo;Escale"}]},{"@type":"WebSite","@id":"https:\/\/asah-bxl.be\/#website","url":"https:\/\/asah-bxl.be\/","name":"ASAH-BXL","description":"","publisher":{"@id":"https:\/\/asah-bxl.be\/#organization"},"potentialAction":[{"@type":"SearchAction","target":{"@type":"EntryPoint","urlTemplate":"https:\/\/asah-bxl.be\/?s={search_term_string}"},"query-input":{"@type":"PropertyValueSpecification","valueRequired":true,"valueName":"search_term_string"}}],"inLanguage":"fr-FR"},{"@type":"Organization","@id":"https:\/\/asah-bxl.be\/#organization","name":"ASAH-BXL","url":"https:\/\/asah-bxl.be\/","logo":{"@type":"ImageObject","inLanguage":"fr-FR","@id":"https:\/\/asah-bxl.be\/#\/schema\/logo\/image\/","url":"https:\/\/asah-bxl.be\/wp-content\/uploads\/2020\/02\/cropped-Sans-titre-6-3-9.png","contentUrl":"https:\/\/asah-bxl.be\/wp-content\/uploads\/2020\/02\/cropped-Sans-titre-6-3-9.png","width":724,"height":528,"caption":"ASAH-BXL"},"image":{"@id":"https:\/\/asah-bxl.be\/#\/schema\/logo\/image\/"}}]}},"_links":{"self":[{"href":"https:\/\/asah-bxl.be\/index.php\/wp-json\/wp\/v2\/pages\/140","targetHints":{"allow":["GET"]}}],"collection":[{"href":"https:\/\/asah-bxl.be\/index.php\/wp-json\/wp\/v2\/pages"}],"about":[{"href":"https:\/\/asah-bxl.be\/index.php\/wp-json\/wp\/v2\/types\/page"}],"author":[{"embeddable":true,"href":"https:\/\/asah-bxl.be\/index.php\/wp-json\/wp\/v2\/users\/1"}],"replies":[{"embeddable":true,"href":"https:\/\/asah-bxl.be\/index.php\/wp-json\/wp\/v2\/comments?post=140"}],"version-history":[{"count":5,"href":"https:\/\/asah-bxl.be\/index.php\/wp-json\/wp\/v2\/pages\/140\/revisions"}],"predecessor-version":[{"id":763,"href":"https:\/\/asah-bxl.be\/index.php\/wp-json\/wp\/v2\/pages\/140\/revisions\/763"}],"up":[{"embeddable":true,"href":"https:\/\/asah-bxl.be\/index.php\/wp-json\/wp\/v2\/pages\/98"}],"wp:attachment":[{"href":"https:\/\/asah-bxl.be\/index.php\/wp-json\/wp\/v2\/media?parent=140"}],"curies":[{"name":"wp","href":"https:\/\/api.w.org\/{rel}","templated":true}]}}