{"id":141,"date":"2020-02-14T11:32:12","date_gmt":"2020-02-14T10:32:12","guid":{"rendered":"http:\/\/asah-bxl.be\/?page_id=141"},"modified":"2022-10-12T10:26:56","modified_gmt":"2022-10-12T08:26:56","slug":"famisol","status":"publish","type":"page","link":"https:\/\/asah-bxl.be\/index.php\/services\/famisol\/","title":{"rendered":"Famisol"},"content":{"rendered":"\n<pre class=\"wp-block-preformatted\"><\/pre>\n\n\n\n<figure class=\"wp-block-image size-large is-resized\"><img fetchpriority=\"high\" decoding=\"async\" src=\"https:\/\/asah-bxl.be\/wp-content\/uploads\/2020\/02\/logo_format_web.png\" alt=\"\" class=\"wp-image-244\" width=\"362\" height=\"307\" srcset=\"https:\/\/asah-bxl.be\/wp-content\/uploads\/2020\/02\/logo_format_web.png 340w, https:\/\/asah-bxl.be\/wp-content\/uploads\/2020\/02\/logo_format_web-300x254.png 300w\" sizes=\"(max-width: 362px) 100vw, 362px\" \/><\/figure>\n\n\n\n<pre class=\"wp-block-preformatted\"><\/pre>\n\n\n\n<p>\u2709\nRue Martin V, 22 &#8211; 1200 Bruxelles<\/p>\n\n\n\n<p>\u260f\n02\/771.91.14<\/p>\n\n\n\n<p>info@famisol.be<\/p>\n\n\n\n<p>Famisol est un service <strong>d\u2019accompagnement<\/strong> <strong>psycho-social<\/strong> pour les familles dont un enfant est porteur d\u2019un handicap, quelque soit la d\u00e9ficience. Ce service s\u2019adresse aux jeunes de 0 \u00e0 23 ans. Nous offrons un temps d\u2019\u00e9coute et d\u2019\u00e9laboration sous forme d\u2019entretien, \u00e0 Famisol, \u00e0 domicile ou dans tout lieu o\u00f9 r\u00e9side l\u2019enfant. Nous tentons de favoriser la meilleure inclusion possible en tenant compte et en appuyant les moyens dont chacun dispose.<\/p>\n\n\n\n<p>Nous proposons \u00e9galement du <strong>loisir adapt\u00e9<\/strong> par journ\u00e9e de week-end pour des petits groupes d\u2019enfant entre 5 et 18 ans.<\/p>\n\n\n\n<p>Nous offrons \u00e9galement un <strong>service d\u2019accueil familial<\/strong> de courte dur\u00e9e, une fois par mois.<\/p>\n\n\n\n<p>Enfin, nous avons la mission de <strong>support aux milieux d\u2019accueil de la petite enfance<\/strong>, appel\u00e9e OCAPI, en synergie avec 4 autre services d\u2019accompagnement. Il s\u2019adresse \u00e0 tout milieu d\u2019accueil qui en fait la demande ( cr\u00e8che,etc) et qui est face \u00e0 un enfant dont le comportement pose probl\u00e8me.<\/p>\n\n\n\n<p><a href=\"https:\/\/www.famisol.be\/\" target=\"_blank\" rel=\"noreferrer noopener\" aria-label=\" (s\u2019ouvre dans un nouvel onglet)\">https:\/\/www.famisol.be\/<\/a><\/p>\n","protected":false},"excerpt":{"rendered":"<p>\u2709 Rue Martin V, 22 &#8211; 1200 Bruxelles \u260f 02\/771.91.14 info@famisol.be Famisol est un service d\u2019accompagnement psycho-social pour les familles dont un enfant est porteur d\u2019un handicap, quelque soit la d\u00e9ficience. Ce service s\u2019adresse aux jeunes de 0 \u00e0 23 ans. Nous offrons un temps d\u2019\u00e9coute et d\u2019\u00e9laboration sous forme d\u2019entretien, \u00e0 Famisol, \u00e0 domicile <a href=\"https:\/\/asah-bxl.be\/index.php\/services\/famisol\/\" rel=\"nofollow\"><span class=\"sr-only\">En savoir plus surFamisol<\/span>[&hellip;]<\/a><\/p>\n","protected":false},"author":1,"featured_media":0,"parent":98,"menu_order":0,"comment_status":"closed","ping_status":"closed","template":"","meta":{"_bbp_topic_count":0,"_bbp_reply_count":0,"_bbp_total_topic_count":0,"_bbp_total_reply_count":0,"_bbp_voice_count":0,"_bbp_anonymous_reply_count":0,"_bbp_topic_count_hidden":0,"_bbp_reply_count_hidden":0,"_bbp_forum_subforum_count":0,"footnotes":""},"class_list":["post-141","page","type-page","status-publish","hentry"],"yoast_head":"<!-- This site is optimized with the Yoast SEO plugin v23.4 - https:\/\/yoast.com\/wordpress\/plugins\/seo\/ -->\n<title>Famisol - ASAH-BXL<\/title>\n<meta name=\"robots\" content=\"index, follow, max-snippet:-1, max-image-preview:large, max-video-preview:-1\" \/>\n<link rel=\"canonical\" href=\"https:\/\/asah-bxl.be\/index.php\/services\/famisol\/\" \/>\n<meta property=\"og:locale\" content=\"fr_FR\" \/>\n<meta property=\"og:type\" content=\"article\" \/>\n<meta property=\"og:title\" content=\"Famisol - ASAH-BXL\" \/>\n<meta property=\"og:description\" content=\"\u2709 Rue Martin V, 22 &#8211; 1200 Bruxelles \u260f 02\/771.91.14 info@famisol.be Famisol est un service d\u2019accompagnement psycho-social pour les familles dont un enfant est porteur d\u2019un handicap, quelque soit la d\u00e9ficience. Ce service s\u2019adresse aux jeunes de 0 \u00e0 23 ans. Nous offrons un temps d\u2019\u00e9coute et d\u2019\u00e9laboration sous forme d\u2019entretien, \u00e0 Famisol, \u00e0 domicile En savoir plus surFamisol[&hellip;]\" \/>\n<meta property=\"og:url\" content=\"https:\/\/asah-bxl.be\/index.php\/services\/famisol\/\" \/>\n<meta property=\"og:site_name\" content=\"ASAH-BXL\" \/>\n<meta property=\"article:modified_time\" content=\"2022-10-12T08:26:56+00:00\" \/>\n<meta property=\"og:image\" content=\"http:\/\/asah-bxl.be\/wp-content\/uploads\/2020\/02\/logo_format_web.png\" \/>\n<meta name=\"twitter:card\" content=\"summary_large_image\" \/>\n<script type=\"application\/ld+json\" class=\"yoast-schema-graph\">{\"@context\":\"https:\/\/schema.org\",\"@graph\":[{\"@type\":\"WebPage\",\"@id\":\"https:\/\/asah-bxl.be\/index.php\/services\/famisol\/\",\"url\":\"https:\/\/asah-bxl.be\/index.php\/services\/famisol\/\",\"name\":\"Famisol - ASAH-BXL\",\"isPartOf\":{\"@id\":\"https:\/\/asah-bxl.be\/#website\"},\"primaryImageOfPage\":{\"@id\":\"https:\/\/asah-bxl.be\/index.php\/services\/famisol\/#primaryimage\"},\"image\":{\"@id\":\"https:\/\/asah-bxl.be\/index.php\/services\/famisol\/#primaryimage\"},\"thumbnailUrl\":\"http:\/\/asah-bxl.be\/wp-content\/uploads\/2020\/02\/logo_format_web.png\",\"datePublished\":\"2020-02-14T10:32:12+00:00\",\"dateModified\":\"2022-10-12T08:26:56+00:00\",\"breadcrumb\":{\"@id\":\"https:\/\/asah-bxl.be\/index.php\/services\/famisol\/#breadcrumb\"},\"inLanguage\":\"fr-FR\",\"potentialAction\":[{\"@type\":\"ReadAction\",\"target\":[\"https:\/\/asah-bxl.be\/index.php\/services\/famisol\/\"]}]},{\"@type\":\"ImageObject\",\"inLanguage\":\"fr-FR\",\"@id\":\"https:\/\/asah-bxl.be\/index.php\/services\/famisol\/#primaryimage\",\"url\":\"http:\/\/asah-bxl.be\/wp-content\/uploads\/2020\/02\/logo_format_web.png\",\"contentUrl\":\"http:\/\/asah-bxl.be\/wp-content\/uploads\/2020\/02\/logo_format_web.png\"},{\"@type\":\"BreadcrumbList\",\"@id\":\"https:\/\/asah-bxl.be\/index.php\/services\/famisol\/#breadcrumb\",\"itemListElement\":[{\"@type\":\"ListItem\",\"position\":1,\"name\":\"Accueil\",\"item\":\"https:\/\/asah-bxl.be\/\"},{\"@type\":\"ListItem\",\"position\":2,\"name\":\"Services\",\"item\":\"https:\/\/asah-bxl.be\/index.php\/services\/\"},{\"@type\":\"ListItem\",\"position\":3,\"name\":\"Famisol\"}]},{\"@type\":\"WebSite\",\"@id\":\"https:\/\/asah-bxl.be\/#website\",\"url\":\"https:\/\/asah-bxl.be\/\",\"name\":\"ASAH-BXL\",\"description\":\"\",\"publisher\":{\"@id\":\"https:\/\/asah-bxl.be\/#organization\"},\"potentialAction\":[{\"@type\":\"SearchAction\",\"target\":{\"@type\":\"EntryPoint\",\"urlTemplate\":\"https:\/\/asah-bxl.be\/?s={search_term_string}\"},\"query-input\":{\"@type\":\"PropertyValueSpecification\",\"valueRequired\":true,\"valueName\":\"search_term_string\"}}],\"inLanguage\":\"fr-FR\"},{\"@type\":\"Organization\",\"@id\":\"https:\/\/asah-bxl.be\/#organization\",\"name\":\"ASAH-BXL\",\"url\":\"https:\/\/asah-bxl.be\/\",\"logo\":{\"@type\":\"ImageObject\",\"inLanguage\":\"fr-FR\",\"@id\":\"https:\/\/asah-bxl.be\/#\/schema\/logo\/image\/\",\"url\":\"https:\/\/asah-bxl.be\/wp-content\/uploads\/2020\/02\/cropped-Sans-titre-6-3-9.png\",\"contentUrl\":\"https:\/\/asah-bxl.be\/wp-content\/uploads\/2020\/02\/cropped-Sans-titre-6-3-9.png\",\"width\":724,\"height\":528,\"caption\":\"ASAH-BXL\"},\"image\":{\"@id\":\"https:\/\/asah-bxl.be\/#\/schema\/logo\/image\/\"}}]}<\/script>\n<!-- \/ Yoast SEO plugin. -->","yoast_head_json":{"title":"Famisol - ASAH-BXL","robots":{"index":"index","follow":"follow","max-snippet":"max-snippet:-1","max-image-preview":"max-image-preview:large","max-video-preview":"max-video-preview:-1"},"canonical":"https:\/\/asah-bxl.be\/index.php\/services\/famisol\/","og_locale":"fr_FR","og_type":"article","og_title":"Famisol - ASAH-BXL","og_description":"\u2709 Rue Martin V, 22 &#8211; 1200 Bruxelles \u260f 02\/771.91.14 info@famisol.be Famisol est un service d\u2019accompagnement psycho-social pour les familles dont un enfant est porteur d\u2019un handicap, quelque soit la d\u00e9ficience. Ce service s\u2019adresse aux jeunes de 0 \u00e0 23 ans. Nous offrons un temps d\u2019\u00e9coute et d\u2019\u00e9laboration sous forme d\u2019entretien, \u00e0 Famisol, \u00e0 domicile En savoir plus surFamisol[&hellip;]","og_url":"https:\/\/asah-bxl.be\/index.php\/services\/famisol\/","og_site_name":"ASAH-BXL","article_modified_time":"2022-10-12T08:26:56+00:00","og_image":[{"url":"http:\/\/asah-bxl.be\/wp-content\/uploads\/2020\/02\/logo_format_web.png"}],"twitter_card":"summary_large_image","schema":{"@context":"https:\/\/schema.org","@graph":[{"@type":"WebPage","@id":"https:\/\/asah-bxl.be\/index.php\/services\/famisol\/","url":"https:\/\/asah-bxl.be\/index.php\/services\/famisol\/","name":"Famisol - ASAH-BXL","isPartOf":{"@id":"https:\/\/asah-bxl.be\/#website"},"primaryImageOfPage":{"@id":"https:\/\/asah-bxl.be\/index.php\/services\/famisol\/#primaryimage"},"image":{"@id":"https:\/\/asah-bxl.be\/index.php\/services\/famisol\/#primaryimage"},"thumbnailUrl":"http:\/\/asah-bxl.be\/wp-content\/uploads\/2020\/02\/logo_format_web.png","datePublished":"2020-02-14T10:32:12+00:00","dateModified":"2022-10-12T08:26:56+00:00","breadcrumb":{"@id":"https:\/\/asah-bxl.be\/index.php\/services\/famisol\/#breadcrumb"},"inLanguage":"fr-FR","potentialAction":[{"@type":"ReadAction","target":["https:\/\/asah-bxl.be\/index.php\/services\/famisol\/"]}]},{"@type":"ImageObject","inLanguage":"fr-FR","@id":"https:\/\/asah-bxl.be\/index.php\/services\/famisol\/#primaryimage","url":"http:\/\/asah-bxl.be\/wp-content\/uploads\/2020\/02\/logo_format_web.png","contentUrl":"http:\/\/asah-bxl.be\/wp-content\/uploads\/2020\/02\/logo_format_web.png"},{"@type":"BreadcrumbList","@id":"https:\/\/asah-bxl.be\/index.php\/services\/famisol\/#breadcrumb","itemListElement":[{"@type":"ListItem","position":1,"name":"Accueil","item":"https:\/\/asah-bxl.be\/"},{"@type":"ListItem","position":2,"name":"Services","item":"https:\/\/asah-bxl.be\/index.php\/services\/"},{"@type":"ListItem","position":3,"name":"Famisol"}]},{"@type":"WebSite","@id":"https:\/\/asah-bxl.be\/#website","url":"https:\/\/asah-bxl.be\/","name":"ASAH-BXL","description":"","publisher":{"@id":"https:\/\/asah-bxl.be\/#organization"},"potentialAction":[{"@type":"SearchAction","target":{"@type":"EntryPoint","urlTemplate":"https:\/\/asah-bxl.be\/?s={search_term_string}"},"query-input":{"@type":"PropertyValueSpecification","valueRequired":true,"valueName":"search_term_string"}}],"inLanguage":"fr-FR"},{"@type":"Organization","@id":"https:\/\/asah-bxl.be\/#organization","name":"ASAH-BXL","url":"https:\/\/asah-bxl.be\/","logo":{"@type":"ImageObject","inLanguage":"fr-FR","@id":"https:\/\/asah-bxl.be\/#\/schema\/logo\/image\/","url":"https:\/\/asah-bxl.be\/wp-content\/uploads\/2020\/02\/cropped-Sans-titre-6-3-9.png","contentUrl":"https:\/\/asah-bxl.be\/wp-content\/uploads\/2020\/02\/cropped-Sans-titre-6-3-9.png","width":724,"height":528,"caption":"ASAH-BXL"},"image":{"@id":"https:\/\/asah-bxl.be\/#\/schema\/logo\/image\/"}}]}},"_links":{"self":[{"href":"https:\/\/asah-bxl.be\/index.php\/wp-json\/wp\/v2\/pages\/141","targetHints":{"allow":["GET"]}}],"collection":[{"href":"https:\/\/asah-bxl.be\/index.php\/wp-json\/wp\/v2\/pages"}],"about":[{"href":"https:\/\/asah-bxl.be\/index.php\/wp-json\/wp\/v2\/types\/page"}],"author":[{"embeddable":true,"href":"https:\/\/asah-bxl.be\/index.php\/wp-json\/wp\/v2\/users\/1"}],"replies":[{"embeddable":true,"href":"https:\/\/asah-bxl.be\/index.php\/wp-json\/wp\/v2\/comments?post=141"}],"version-history":[{"count":5,"href":"https:\/\/asah-bxl.be\/index.php\/wp-json\/wp\/v2\/pages\/141\/revisions"}],"predecessor-version":[{"id":702,"href":"https:\/\/asah-bxl.be\/index.php\/wp-json\/wp\/v2\/pages\/141\/revisions\/702"}],"up":[{"embeddable":true,"href":"https:\/\/asah-bxl.be\/index.php\/wp-json\/wp\/v2\/pages\/98"}],"wp:attachment":[{"href":"https:\/\/asah-bxl.be\/index.php\/wp-json\/wp\/v2\/media?parent=141"}],"curies":[{"name":"wp","href":"https:\/\/api.w.org\/{rel}","templated":true}]}}