{"id":144,"date":"2020-02-14T11:32:13","date_gmt":"2020-02-14T10:32:13","guid":{"rendered":"http:\/\/asah-bxl.be\/?page_id=144"},"modified":"2022-10-20T11:07:33","modified_gmt":"2022-10-20T09:07:33","slug":"madras","status":"publish","type":"page","link":"https:\/\/asah-bxl.be\/index.php\/services\/madras\/","title":{"rendered":"Madras Bruxelles"},"content":{"rendered":"\n<pre class=\"wp-block-preformatted\"><\/pre>\n\n\n\n<figure class=\"wp-block-image size-large\"><img decoding=\"async\" width=\"130\" height=\"132\" src=\"https:\/\/asah-bxl.be\/wp-content\/uploads\/2020\/02\/logo-61645598-1.png\" alt=\"\" class=\"wp-image-258\"\/><\/figure>\n\n\n\n<pre class=\"wp-block-preformatted\"><\/pre>\n\n\n\n<p>\u2709\nAvenue Albert Giraud, 24 &#8211; 1030 Bruxelles<\/p>\n\n\n\n<p>\u260f\n02\/247.60.17<\/p>\n\n\n\n<p>bruxelles@madras-asbl.be<\/p>\n\n\n\n<p><strong>Service d\u2019accompagnement pour les personnes pr\u00e9sentant une d\u00e9ficience intellectuelle et leurs proches<\/strong><\/p>\n\n\n\n<p>+ Qualit\u00e9 de vie<\/p>\n\n\n\n<ul class=\"wp-block-list\"><li>Soutien et d\u00e9veloppement d\u2019un projet de vie de qualit\u00e9<\/li><\/ul>\n\n\n\n<p>+ R\u00e9seau<\/p>\n\n\n\n<p>Partenariat, renforcement&nbsp;et\/ou mise en place d\u2019un r\u00e9seau<\/p>\n\n\n\n<p>Nos missions<\/p>\n\n\n\n<p>L\u2019Apr\u00e8s-parents<\/p>\n\n\n\n<ul class=\"wp-block-list\"><li>accompagne les personnes pr\u00e9sentant une d\u00e9ficience intellectuelle et leurs familles dans la&nbsp;<strong>pr\u00e9paration de l\u2019 \u2018Apr\u00e8s-parents\u2019<\/strong>&nbsp;en tissant la trame d\u2019un avenir<\/li><li>de qualit\u00e9 ;<\/li><li>rappelle avec un&nbsp;<strong>oeil bienveillant<\/strong>&nbsp;les souhaits et orientations r\u00e9fl\u00e9chies du vivant des parents en concertation avec le r\u00e9seau.<\/li><\/ul>\n\n\n\n<p>Grande D\u00e9pendance et situations critiques<\/p>\n\n\n\n<ul class=\"wp-block-list\"><li>accompagne individuellement les personnes inscrites sur la&nbsp;<strong>liste de grande d\u00e9pendance<\/strong>&nbsp;du service \u2018Phare\u2019 et qui sont sans solution satisfaisante ;<\/li><li>travaille pour pr\u00e9venir et palier les&nbsp;<strong>situations critiques<\/strong>&nbsp;;<\/li><li>organise une prise en charge&nbsp;<strong>pluridisciplinaire<\/strong>&nbsp;en&nbsp;<strong>ambulatoire<\/strong>.<\/li><\/ul>\n\n\n\n<p><a href=\"http:\/\/www.madras-asbl.be\/\" target=\"_blank\" rel=\"noreferrer noopener\" aria-label=\" (s\u2019ouvre dans un nouvel onglet)\">http:\/\/www.madras-asbl.be\/<\/a><\/p>\n","protected":false},"excerpt":{"rendered":"<p>\u2709 Avenue Albert Giraud, 24 &#8211; 1030 Bruxelles \u260f 02\/247.60.17 bruxelles@madras-asbl.be Service d\u2019accompagnement pour les personnes pr\u00e9sentant une d\u00e9ficience intellectuelle et leurs proches + Qualit\u00e9 de vie Soutien et d\u00e9veloppement d\u2019un projet de vie de qualit\u00e9 + R\u00e9seau Partenariat, renforcement&nbsp;et\/ou mise en place d\u2019un r\u00e9seau Nos missions L\u2019Apr\u00e8s-parents accompagne les personnes pr\u00e9sentant une d\u00e9ficience intellectuelle <a href=\"https:\/\/asah-bxl.be\/index.php\/services\/madras\/\" rel=\"nofollow\"><span class=\"sr-only\">En savoir plus surMadras Bruxelles<\/span>[&hellip;]<\/a><\/p>\n","protected":false},"author":1,"featured_media":0,"parent":98,"menu_order":0,"comment_status":"closed","ping_status":"closed","template":"","meta":{"_bbp_topic_count":0,"_bbp_reply_count":0,"_bbp_total_topic_count":0,"_bbp_total_reply_count":0,"_bbp_voice_count":0,"_bbp_anonymous_reply_count":0,"_bbp_topic_count_hidden":0,"_bbp_reply_count_hidden":0,"_bbp_forum_subforum_count":0,"footnotes":""},"class_list":["post-144","page","type-page","status-publish","hentry"],"yoast_head":"<!-- This site is optimized with the Yoast SEO plugin v23.4 - https:\/\/yoast.com\/wordpress\/plugins\/seo\/ -->\n<title>Madras Bruxelles - ASAH-BXL<\/title>\n<meta name=\"robots\" content=\"index, follow, max-snippet:-1, max-image-preview:large, max-video-preview:-1\" \/>\n<link rel=\"canonical\" href=\"https:\/\/asah-bxl.be\/index.php\/services\/madras\/\" \/>\n<meta property=\"og:locale\" content=\"fr_FR\" \/>\n<meta property=\"og:type\" content=\"article\" \/>\n<meta property=\"og:title\" content=\"Madras Bruxelles - ASAH-BXL\" \/>\n<meta property=\"og:description\" content=\"\u2709 Avenue Albert Giraud, 24 &#8211; 1030 Bruxelles \u260f 02\/247.60.17 bruxelles@madras-asbl.be Service d\u2019accompagnement pour les personnes pr\u00e9sentant une d\u00e9ficience intellectuelle et leurs proches + Qualit\u00e9 de vie Soutien et d\u00e9veloppement d\u2019un projet de vie de qualit\u00e9 + R\u00e9seau Partenariat, renforcement&nbsp;et\/ou mise en place d\u2019un r\u00e9seau Nos missions L\u2019Apr\u00e8s-parents accompagne les personnes pr\u00e9sentant une d\u00e9ficience intellectuelle En savoir plus surMadras Bruxelles[&hellip;]\" \/>\n<meta property=\"og:url\" content=\"https:\/\/asah-bxl.be\/index.php\/services\/madras\/\" \/>\n<meta property=\"og:site_name\" content=\"ASAH-BXL\" \/>\n<meta property=\"article:modified_time\" content=\"2022-10-20T09:07:33+00:00\" \/>\n<meta property=\"og:image\" content=\"http:\/\/asah-bxl.be\/wp-content\/uploads\/2020\/02\/logo-61645598-1.png\" \/>\n<meta name=\"twitter:card\" content=\"summary_large_image\" \/>\n<meta name=\"twitter:label1\" content=\"Dur\u00e9e de lecture estim\u00e9e\" \/>\n\t<meta name=\"twitter:data1\" content=\"1 minute\" \/>\n<script type=\"application\/ld+json\" class=\"yoast-schema-graph\">{\"@context\":\"https:\/\/schema.org\",\"@graph\":[{\"@type\":\"WebPage\",\"@id\":\"https:\/\/asah-bxl.be\/index.php\/services\/madras\/\",\"url\":\"https:\/\/asah-bxl.be\/index.php\/services\/madras\/\",\"name\":\"Madras Bruxelles - ASAH-BXL\",\"isPartOf\":{\"@id\":\"https:\/\/asah-bxl.be\/#website\"},\"primaryImageOfPage\":{\"@id\":\"https:\/\/asah-bxl.be\/index.php\/services\/madras\/#primaryimage\"},\"image\":{\"@id\":\"https:\/\/asah-bxl.be\/index.php\/services\/madras\/#primaryimage\"},\"thumbnailUrl\":\"http:\/\/asah-bxl.be\/wp-content\/uploads\/2020\/02\/logo-61645598-1.png\",\"datePublished\":\"2020-02-14T10:32:13+00:00\",\"dateModified\":\"2022-10-20T09:07:33+00:00\",\"breadcrumb\":{\"@id\":\"https:\/\/asah-bxl.be\/index.php\/services\/madras\/#breadcrumb\"},\"inLanguage\":\"fr-FR\",\"potentialAction\":[{\"@type\":\"ReadAction\",\"target\":[\"https:\/\/asah-bxl.be\/index.php\/services\/madras\/\"]}]},{\"@type\":\"ImageObject\",\"inLanguage\":\"fr-FR\",\"@id\":\"https:\/\/asah-bxl.be\/index.php\/services\/madras\/#primaryimage\",\"url\":\"http:\/\/asah-bxl.be\/wp-content\/uploads\/2020\/02\/logo-61645598-1.png\",\"contentUrl\":\"http:\/\/asah-bxl.be\/wp-content\/uploads\/2020\/02\/logo-61645598-1.png\"},{\"@type\":\"BreadcrumbList\",\"@id\":\"https:\/\/asah-bxl.be\/index.php\/services\/madras\/#breadcrumb\",\"itemListElement\":[{\"@type\":\"ListItem\",\"position\":1,\"name\":\"Accueil\",\"item\":\"https:\/\/asah-bxl.be\/\"},{\"@type\":\"ListItem\",\"position\":2,\"name\":\"Services\",\"item\":\"https:\/\/asah-bxl.be\/index.php\/services\/\"},{\"@type\":\"ListItem\",\"position\":3,\"name\":\"Madras Bruxelles\"}]},{\"@type\":\"WebSite\",\"@id\":\"https:\/\/asah-bxl.be\/#website\",\"url\":\"https:\/\/asah-bxl.be\/\",\"name\":\"ASAH-BXL\",\"description\":\"\",\"publisher\":{\"@id\":\"https:\/\/asah-bxl.be\/#organization\"},\"potentialAction\":[{\"@type\":\"SearchAction\",\"target\":{\"@type\":\"EntryPoint\",\"urlTemplate\":\"https:\/\/asah-bxl.be\/?s={search_term_string}\"},\"query-input\":{\"@type\":\"PropertyValueSpecification\",\"valueRequired\":true,\"valueName\":\"search_term_string\"}}],\"inLanguage\":\"fr-FR\"},{\"@type\":\"Organization\",\"@id\":\"https:\/\/asah-bxl.be\/#organization\",\"name\":\"ASAH-BXL\",\"url\":\"https:\/\/asah-bxl.be\/\",\"logo\":{\"@type\":\"ImageObject\",\"inLanguage\":\"fr-FR\",\"@id\":\"https:\/\/asah-bxl.be\/#\/schema\/logo\/image\/\",\"url\":\"https:\/\/asah-bxl.be\/wp-content\/uploads\/2020\/02\/cropped-Sans-titre-6-3-9.png\",\"contentUrl\":\"https:\/\/asah-bxl.be\/wp-content\/uploads\/2020\/02\/cropped-Sans-titre-6-3-9.png\",\"width\":724,\"height\":528,\"caption\":\"ASAH-BXL\"},\"image\":{\"@id\":\"https:\/\/asah-bxl.be\/#\/schema\/logo\/image\/\"}}]}<\/script>\n<!-- \/ Yoast SEO plugin. -->","yoast_head_json":{"title":"Madras Bruxelles - ASAH-BXL","robots":{"index":"index","follow":"follow","max-snippet":"max-snippet:-1","max-image-preview":"max-image-preview:large","max-video-preview":"max-video-preview:-1"},"canonical":"https:\/\/asah-bxl.be\/index.php\/services\/madras\/","og_locale":"fr_FR","og_type":"article","og_title":"Madras Bruxelles - ASAH-BXL","og_description":"\u2709 Avenue Albert Giraud, 24 &#8211; 1030 Bruxelles \u260f 02\/247.60.17 bruxelles@madras-asbl.be Service d\u2019accompagnement pour les personnes pr\u00e9sentant une d\u00e9ficience intellectuelle et leurs proches + Qualit\u00e9 de vie Soutien et d\u00e9veloppement d\u2019un projet de vie de qualit\u00e9 + R\u00e9seau Partenariat, renforcement&nbsp;et\/ou mise en place d\u2019un r\u00e9seau Nos missions L\u2019Apr\u00e8s-parents accompagne les personnes pr\u00e9sentant une d\u00e9ficience intellectuelle En savoir plus surMadras Bruxelles[&hellip;]","og_url":"https:\/\/asah-bxl.be\/index.php\/services\/madras\/","og_site_name":"ASAH-BXL","article_modified_time":"2022-10-20T09:07:33+00:00","og_image":[{"url":"http:\/\/asah-bxl.be\/wp-content\/uploads\/2020\/02\/logo-61645598-1.png"}],"twitter_card":"summary_large_image","twitter_misc":{"Dur\u00e9e de lecture estim\u00e9e":"1 minute"},"schema":{"@context":"https:\/\/schema.org","@graph":[{"@type":"WebPage","@id":"https:\/\/asah-bxl.be\/index.php\/services\/madras\/","url":"https:\/\/asah-bxl.be\/index.php\/services\/madras\/","name":"Madras Bruxelles - ASAH-BXL","isPartOf":{"@id":"https:\/\/asah-bxl.be\/#website"},"primaryImageOfPage":{"@id":"https:\/\/asah-bxl.be\/index.php\/services\/madras\/#primaryimage"},"image":{"@id":"https:\/\/asah-bxl.be\/index.php\/services\/madras\/#primaryimage"},"thumbnailUrl":"http:\/\/asah-bxl.be\/wp-content\/uploads\/2020\/02\/logo-61645598-1.png","datePublished":"2020-02-14T10:32:13+00:00","dateModified":"2022-10-20T09:07:33+00:00","breadcrumb":{"@id":"https:\/\/asah-bxl.be\/index.php\/services\/madras\/#breadcrumb"},"inLanguage":"fr-FR","potentialAction":[{"@type":"ReadAction","target":["https:\/\/asah-bxl.be\/index.php\/services\/madras\/"]}]},{"@type":"ImageObject","inLanguage":"fr-FR","@id":"https:\/\/asah-bxl.be\/index.php\/services\/madras\/#primaryimage","url":"http:\/\/asah-bxl.be\/wp-content\/uploads\/2020\/02\/logo-61645598-1.png","contentUrl":"http:\/\/asah-bxl.be\/wp-content\/uploads\/2020\/02\/logo-61645598-1.png"},{"@type":"BreadcrumbList","@id":"https:\/\/asah-bxl.be\/index.php\/services\/madras\/#breadcrumb","itemListElement":[{"@type":"ListItem","position":1,"name":"Accueil","item":"https:\/\/asah-bxl.be\/"},{"@type":"ListItem","position":2,"name":"Services","item":"https:\/\/asah-bxl.be\/index.php\/services\/"},{"@type":"ListItem","position":3,"name":"Madras Bruxelles"}]},{"@type":"WebSite","@id":"https:\/\/asah-bxl.be\/#website","url":"https:\/\/asah-bxl.be\/","name":"ASAH-BXL","description":"","publisher":{"@id":"https:\/\/asah-bxl.be\/#organization"},"potentialAction":[{"@type":"SearchAction","target":{"@type":"EntryPoint","urlTemplate":"https:\/\/asah-bxl.be\/?s={search_term_string}"},"query-input":{"@type":"PropertyValueSpecification","valueRequired":true,"valueName":"search_term_string"}}],"inLanguage":"fr-FR"},{"@type":"Organization","@id":"https:\/\/asah-bxl.be\/#organization","name":"ASAH-BXL","url":"https:\/\/asah-bxl.be\/","logo":{"@type":"ImageObject","inLanguage":"fr-FR","@id":"https:\/\/asah-bxl.be\/#\/schema\/logo\/image\/","url":"https:\/\/asah-bxl.be\/wp-content\/uploads\/2020\/02\/cropped-Sans-titre-6-3-9.png","contentUrl":"https:\/\/asah-bxl.be\/wp-content\/uploads\/2020\/02\/cropped-Sans-titre-6-3-9.png","width":724,"height":528,"caption":"ASAH-BXL"},"image":{"@id":"https:\/\/asah-bxl.be\/#\/schema\/logo\/image\/"}}]}},"_links":{"self":[{"href":"https:\/\/asah-bxl.be\/index.php\/wp-json\/wp\/v2\/pages\/144","targetHints":{"allow":["GET"]}}],"collection":[{"href":"https:\/\/asah-bxl.be\/index.php\/wp-json\/wp\/v2\/pages"}],"about":[{"href":"https:\/\/asah-bxl.be\/index.php\/wp-json\/wp\/v2\/types\/page"}],"author":[{"embeddable":true,"href":"https:\/\/asah-bxl.be\/index.php\/wp-json\/wp\/v2\/users\/1"}],"replies":[{"embeddable":true,"href":"https:\/\/asah-bxl.be\/index.php\/wp-json\/wp\/v2\/comments?post=144"}],"version-history":[{"count":5,"href":"https:\/\/asah-bxl.be\/index.php\/wp-json\/wp\/v2\/pages\/144\/revisions"}],"predecessor-version":[{"id":744,"href":"https:\/\/asah-bxl.be\/index.php\/wp-json\/wp\/v2\/pages\/144\/revisions\/744"}],"up":[{"embeddable":true,"href":"https:\/\/asah-bxl.be\/index.php\/wp-json\/wp\/v2\/pages\/98"}],"wp:attachment":[{"href":"https:\/\/asah-bxl.be\/index.php\/wp-json\/wp\/v2\/media?parent=144"}],"curies":[{"name":"wp","href":"https:\/\/api.w.org\/{rel}","templated":true}]}}

<pre class="wp-block-preformatted"></pre>



<figure class="wp-block-image size-large"><img decoding="async" width="130" height="132" src="https://asah-bxl.be/wp-content/uploads/2020/02/logo-61645598-1.png" alt="" class="wp-image-258"/></figure>



<pre class="wp-block-preformatted"></pre>



<p>✉
Avenue Albert Giraud, 24 &#8211; 1030 Bruxelles</p>



<p>☏
02/247.60.17</p>



<p>bruxelles@madras-asbl.be</p>



<p><strong>Service d’accompagnement pour les personnes présentant une déficience intellectuelle et leurs proches</strong></p>



<p>+ Qualité de vie</p>



<ul class="wp-block-list"><li>Soutien et développement d’un projet de vie de qualité</li></ul>



<p>+ Réseau</p>



<p>Partenariat, renforcement&nbsp;et/ou mise en place d’un réseau</p>



<p>Nos missions</p>



<p>L’Après-parents</p>



<ul class="wp-block-list"><li>accompagne les personnes présentant une déficience intellectuelle et leurs familles dans la&nbsp;<strong>préparation de l’ ‘Après-parents’</strong>&nbsp;en tissant la trame d’un avenir</li><li>de qualité ;</li><li>rappelle avec un&nbsp;<strong>oeil bienveillant</strong>&nbsp;les souhaits et orientations réfléchies du vivant des parents en concertation avec le réseau.</li></ul>



<p>Grande Dépendance et situations critiques</p>



<ul class="wp-block-list"><li>accompagne individuellement les personnes inscrites sur la&nbsp;<strong>liste de grande dépendance</strong>&nbsp;du service ‘Phare’ et qui sont sans solution satisfaisante ;</li><li>travaille pour prévenir et palier les&nbsp;<strong>situations critiques</strong>&nbsp;;</li><li>organise une prise en charge&nbsp;<strong>pluridisciplinaire</strong>&nbsp;en&nbsp;<strong>ambulatoire</strong>.</li></ul>



<p><a href="http://www.madras-asbl.be/" target="_blank" rel="noreferrer noopener" aria-label=" (s’ouvre dans un nouvel onglet)">http://www.madras-asbl.be/</a></p>

<p>✉ Avenue Albert Giraud, 24 &#8211; 1030 Bruxelles ☏ 02/247.60.17 bruxelles@madras-asbl.be Service d’accompagnement pour les personnes présentant une déficience intellectuelle et leurs proches + Qualité de vie Soutien et développement d’un projet de vie de qualité + Réseau Partenariat, renforcement&nbsp;et/ou mise en place d’un réseau Nos missions L’Après-parents accompagne les personnes présentant une déficience intellectuelle <a href="https://asah-bxl.be/index.php/services/madras/" rel="nofollow"><span class="sr-only">En savoir plus surMadras Bruxelles</span>[&hellip;]</a></p>

<!-- This site is optimized with the Yoast SEO plugin v23.4 - https://yoast.com/wordpress/plugins/seo/ -->
<title>Madras Bruxelles - ASAH-BXL</title>
<meta name="robots" content="index, follow, max-snippet:-1, max-image-preview:large, max-video-preview:-1" />
<link rel="canonical" href="https://asah-bxl.be/index.php/services/madras/" />
<meta property="og:locale" content="fr_FR" />
<meta property="og:type" content="article" />
<meta property="og:title" content="Madras Bruxelles - ASAH-BXL" />
<meta property="og:description" content="✉ Avenue Albert Giraud, 24 &#8211; 1030 Bruxelles ☏ 02/247.60.17 bruxelles@madras-asbl.be Service d’accompagnement pour les personnes présentant une déficience intellectuelle et leurs proches + Qualité de vie Soutien et développement d’un projet de vie de qualité + Réseau Partenariat, renforcement&nbsp;et/ou mise en place d’un réseau Nos missions L’Après-parents accompagne les personnes présentant une déficience intellectuelle En savoir plus surMadras Bruxelles[&hellip;]" />
<meta property="og:url" content="https://asah-bxl.be/index.php/services/madras/" />
<meta property="og:site_name" content="ASAH-BXL" />
<meta property="article:modified_time" content="2022-10-20T09:07:33+00:00" />
<meta property="og:image" content="http://asah-bxl.be/wp-content/uploads/2020/02/logo-61645598-1.png" />
<meta name="twitter:card" content="summary_large_image" />
<meta name="twitter:label1" content="Durée de lecture estimée" />
	<meta name="twitter:data1" content="1 minute" />
<script type="application/ld+json" class="yoast-schema-graph">{"@context":"https://schema.org","@graph":[{"@type":"WebPage","@id":"https://asah-bxl.be/index.php/services/madras/","url":"https://asah-bxl.be/index.php/services/madras/","name":"Madras Bruxelles - ASAH-BXL","isPartOf":{"@id":"https://asah-bxl.be/#website"},"primaryImageOfPage":{"@id":"https://asah-bxl.be/index.php/services/madras/#primaryimage"},"image":{"@id":"https://asah-bxl.be/index.php/services/madras/#primaryimage"},"thumbnailUrl":"http://asah-bxl.be/wp-content/uploads/2020/02/logo-61645598-1.png","datePublished":"2020-02-14T10:32:13+00:00","dateModified":"2022-10-20T09:07:33+00:00","breadcrumb":{"@id":"https://asah-bxl.be/index.php/services/madras/#breadcrumb"},"inLanguage":"fr-FR","potentialAction":[{"@type":"ReadAction","target":["https://asah-bxl.be/index.php/services/madras/"]}]},{"@type":"ImageObject","inLanguage":"fr-FR","@id":"https://asah-bxl.be/index.php/services/madras/#primaryimage","url":"http://asah-bxl.be/wp-content/uploads/2020/02/logo-61645598-1.png","contentUrl":"http://asah-bxl.be/wp-content/uploads/2020/02/logo-61645598-1.png"},{"@type":"BreadcrumbList","@id":"https://asah-bxl.be/index.php/services/madras/#breadcrumb","itemListElement":[{"@type":"ListItem","position":1,"name":"Accueil","item":"https://asah-bxl.be/"},{"@type":"ListItem","position":2,"name":"Services","item":"https://asah-bxl.be/index.php/services/"},{"@type":"ListItem","position":3,"name":"Madras Bruxelles"}]},{"@type":"WebSite","@id":"https://asah-bxl.be/#website","url":"https://asah-bxl.be/","name":"ASAH-BXL","description":"","publisher":{"@id":"https://asah-bxl.be/#organization"},"potentialAction":[{"@type":"SearchAction","target":{"@type":"EntryPoint","urlTemplate":"https://asah-bxl.be/?s={search_term_string}"},"query-input":{"@type":"PropertyValueSpecification","valueRequired":true,"valueName":"search_term_string"}}],"inLanguage":"fr-FR"},{"@type":"Organization","@id":"https://asah-bxl.be/#organization","name":"ASAH-BXL","url":"https://asah-bxl.be/","logo":{"@type":"ImageObject","inLanguage":"fr-FR","@id":"https://asah-bxl.be/#/schema/logo/image/","url":"https://asah-bxl.be/wp-content/uploads/2020/02/cropped-Sans-titre-6-3-9.png","contentUrl":"https://asah-bxl.be/wp-content/uploads/2020/02/cropped-Sans-titre-6-3-9.png","width":724,"height":528,"caption":"ASAH-BXL"},"image":{"@id":"https://asah-bxl.be/#/schema/logo/image/"}}]}</script>
<!-- / Yoast SEO plugin. -->

✉ Avenue Albert Giraud, 24 &#8211; 1030 Bruxelles ☏ 02/247.60.17 bruxelles@madras-asbl.be Service d’accompagnement pour les personnes présentant une déficience intellectuelle et leurs proches + Qualité de vie Soutien et développement d’un projet de vie de qualité + Réseau Partenariat, renforcement&nbsp;et/ou mise en place d’un réseau Nos missions L’Après-parents accompagne les personnes présentant une déficience intellectuelle En savoir plus surMadras Bruxelles[&hellip;]
