{"id":148,"date":"2020-02-14T11:32:13","date_gmt":"2020-02-14T10:32:13","guid":{"rendered":"http:\/\/asah-bxl.be\/?page_id=148"},"modified":"2022-10-20T11:58:40","modified_gmt":"2022-10-20T09:58:40","slug":"saham","status":"publish","type":"page","link":"https:\/\/asah-bxl.be\/index.php\/services\/saham\/","title":{"rendered":"Saham"},"content":{"rendered":"\n<pre class=\"wp-block-preformatted\"><\/pre>\n\n\n\n<figure class=\"wp-block-image size-large is-resized\"><img fetchpriority=\"high\" decoding=\"async\" src=\"https:\/\/asah-bxl.be\/wp-content\/uploads\/2020\/02\/unnamed.png\" alt=\"\" class=\"wp-image-284\" width=\"563\" height=\"132\" srcset=\"https:\/\/asah-bxl.be\/wp-content\/uploads\/2020\/02\/unnamed.png 512w, https:\/\/asah-bxl.be\/wp-content\/uploads\/2020\/02\/unnamed-300x70.png 300w\" sizes=\"(max-width: 563px) 100vw, 563px\" \/><\/figure>\n\n\n\n<pre class=\"wp-block-preformatted\"><\/pre>\n\n\n\n<p>\u2709\nRue Gillebertus, 25 &#8211; 1090 Bruxelles<\/p>\n\n\n\n<p>\u260f\n02\/426.26.19<\/p>\n\n\n\n<p>&nbsp; info@<a href=\"http:\/\/saham.be\">saham.be<\/a><\/p>\n\n\n\n<p>Le\u00a0<strong>Saham<\/strong>\u00a0est un service d\u2019accompagnement reconnu et\u00a0subsidi\u00e9 par la\u00a0<em>Cocof<\/em>.<br>Nous proposons\u00a0<strong>de l\u2019aide et du soutien aux personnes pr\u00e9sentant des difficult\u00e9s li\u00e9es \u00e0 un handicap mental l\u00e9ger \u00e0 mod\u00e9r\u00e9<\/strong>.<br>Le\u00a0<strong>Saham<\/strong>\u00a0aide \u00e0 conserver ou \u00e0 acqu\u00e9rir l\u2019autonomie par un soutien individualis\u00e9 dans<br>les actes de la vie quotidienne. Notre travail s\u2019inscrit dans une d\u00e9marche d\u2019am\u00e9lioration de la qualit\u00e9 de vie ainsi que d\u2019inclusion au sein de la soci\u00e9t\u00e9.<\/p>\n\n\n\n<p><strong>Le Saham a 3 domaines d\u2019action<\/strong>\u00a0:<\/p>\n\n\n\n<p><strong>1. L\u2019accompagnement en mission principale. <\/strong><\/p>\n\n\n\n<ul class=\"wp-block-list\"><li>Un accompagnement personnalis\u00e9.<\/li><li>Un soutien \u00e0 vos projets dans tous les actes de la vie quotidienne (le travail et l\u2019occupation journali\u00e8re, le logement, l\u2019administratif, le budget, les transports, l\u2019\u00e9ducation, le r\u00e9seau,&#8230;).<\/li><li>Une aide au d\u00e9veloppement de votre autonomie et de votre bien-\u00eatre.<\/li><li>Un tremplin \u00e0 l\u2019int\u00e9gration dans la soci\u00e9t\u00e9.<\/li><\/ul>\n\n\n\n<p><strong><br>2. Le logement accompagn\u00e9 en mission annexe.<br>3. Les loisirs.<\/strong><\/p>\n\n\n\n<p><\/p>\n\n\n\n<p><a href=\"http:\/\/www.saham.be\/\" target=\"_blank\" rel=\"noreferrer noopener\" aria-label=\" (s\u2019ouvre dans un nouvel onglet)\">http:\/\/www.saham.be\/<\/a><\/p>\n","protected":false},"excerpt":{"rendered":"<p>\u2709 Rue Gillebertus, 25 &#8211; 1090 Bruxelles \u260f 02\/426.26.19 &nbsp; info@saham.be Le\u00a0Saham\u00a0est un service d\u2019accompagnement reconnu et\u00a0subsidi\u00e9 par la\u00a0Cocof.Nous proposons\u00a0de l\u2019aide et du soutien aux personnes pr\u00e9sentant des difficult\u00e9s li\u00e9es \u00e0 un handicap mental l\u00e9ger \u00e0 mod\u00e9r\u00e9.Le\u00a0Saham\u00a0aide \u00e0 conserver ou \u00e0 acqu\u00e9rir l\u2019autonomie par un soutien individualis\u00e9 dansles actes de la vie quotidienne. Notre travail <a href=\"https:\/\/asah-bxl.be\/index.php\/services\/saham\/\" rel=\"nofollow\"><span class=\"sr-only\">En savoir plus surSaham<\/span>[&hellip;]<\/a><\/p>\n","protected":false},"author":1,"featured_media":0,"parent":98,"menu_order":0,"comment_status":"closed","ping_status":"closed","template":"","meta":{"_bbp_topic_count":0,"_bbp_reply_count":0,"_bbp_total_topic_count":0,"_bbp_total_reply_count":0,"_bbp_voice_count":0,"_bbp_anonymous_reply_count":0,"_bbp_topic_count_hidden":0,"_bbp_reply_count_hidden":0,"_bbp_forum_subforum_count":0,"footnotes":""},"class_list":["post-148","page","type-page","status-publish","hentry"],"yoast_head":"<!-- This site is optimized with the Yoast SEO plugin v23.4 - https:\/\/yoast.com\/wordpress\/plugins\/seo\/ -->\n<title>Saham - ASAH-BXL<\/title>\n<meta name=\"robots\" content=\"index, follow, max-snippet:-1, max-image-preview:large, max-video-preview:-1\" \/>\n<link rel=\"canonical\" href=\"https:\/\/asah-bxl.be\/index.php\/services\/saham\/\" \/>\n<meta property=\"og:locale\" content=\"fr_FR\" \/>\n<meta property=\"og:type\" content=\"article\" \/>\n<meta property=\"og:title\" content=\"Saham - ASAH-BXL\" \/>\n<meta property=\"og:description\" content=\"\u2709 Rue Gillebertus, 25 &#8211; 1090 Bruxelles \u260f 02\/426.26.19 &nbsp; info@saham.be Le\u00a0Saham\u00a0est un service d\u2019accompagnement reconnu et\u00a0subsidi\u00e9 par la\u00a0Cocof.Nous proposons\u00a0de l\u2019aide et du soutien aux personnes pr\u00e9sentant des difficult\u00e9s li\u00e9es \u00e0 un handicap mental l\u00e9ger \u00e0 mod\u00e9r\u00e9.Le\u00a0Saham\u00a0aide \u00e0 conserver ou \u00e0 acqu\u00e9rir l\u2019autonomie par un soutien individualis\u00e9 dansles actes de la vie quotidienne. Notre travail En savoir plus surSaham[&hellip;]\" \/>\n<meta property=\"og:url\" content=\"https:\/\/asah-bxl.be\/index.php\/services\/saham\/\" \/>\n<meta property=\"og:site_name\" content=\"ASAH-BXL\" \/>\n<meta property=\"article:modified_time\" content=\"2022-10-20T09:58:40+00:00\" \/>\n<meta property=\"og:image\" content=\"http:\/\/asah-bxl.be\/wp-content\/uploads\/2020\/02\/unnamed.png\" \/>\n<meta name=\"twitter:card\" content=\"summary_large_image\" \/>\n<meta name=\"twitter:label1\" content=\"Dur\u00e9e de lecture estim\u00e9e\" \/>\n\t<meta name=\"twitter:data1\" content=\"1 minute\" \/>\n<script type=\"application\/ld+json\" class=\"yoast-schema-graph\">{\"@context\":\"https:\/\/schema.org\",\"@graph\":[{\"@type\":\"WebPage\",\"@id\":\"https:\/\/asah-bxl.be\/index.php\/services\/saham\/\",\"url\":\"https:\/\/asah-bxl.be\/index.php\/services\/saham\/\",\"name\":\"Saham - ASAH-BXL\",\"isPartOf\":{\"@id\":\"https:\/\/asah-bxl.be\/#website\"},\"primaryImageOfPage\":{\"@id\":\"https:\/\/asah-bxl.be\/index.php\/services\/saham\/#primaryimage\"},\"image\":{\"@id\":\"https:\/\/asah-bxl.be\/index.php\/services\/saham\/#primaryimage\"},\"thumbnailUrl\":\"http:\/\/asah-bxl.be\/wp-content\/uploads\/2020\/02\/unnamed.png\",\"datePublished\":\"2020-02-14T10:32:13+00:00\",\"dateModified\":\"2022-10-20T09:58:40+00:00\",\"breadcrumb\":{\"@id\":\"https:\/\/asah-bxl.be\/index.php\/services\/saham\/#breadcrumb\"},\"inLanguage\":\"fr-FR\",\"potentialAction\":[{\"@type\":\"ReadAction\",\"target\":[\"https:\/\/asah-bxl.be\/index.php\/services\/saham\/\"]}]},{\"@type\":\"ImageObject\",\"inLanguage\":\"fr-FR\",\"@id\":\"https:\/\/asah-bxl.be\/index.php\/services\/saham\/#primaryimage\",\"url\":\"http:\/\/asah-bxl.be\/wp-content\/uploads\/2020\/02\/unnamed.png\",\"contentUrl\":\"http:\/\/asah-bxl.be\/wp-content\/uploads\/2020\/02\/unnamed.png\"},{\"@type\":\"BreadcrumbList\",\"@id\":\"https:\/\/asah-bxl.be\/index.php\/services\/saham\/#breadcrumb\",\"itemListElement\":[{\"@type\":\"ListItem\",\"position\":1,\"name\":\"Accueil\",\"item\":\"https:\/\/asah-bxl.be\/\"},{\"@type\":\"ListItem\",\"position\":2,\"name\":\"Services\",\"item\":\"https:\/\/asah-bxl.be\/index.php\/services\/\"},{\"@type\":\"ListItem\",\"position\":3,\"name\":\"Saham\"}]},{\"@type\":\"WebSite\",\"@id\":\"https:\/\/asah-bxl.be\/#website\",\"url\":\"https:\/\/asah-bxl.be\/\",\"name\":\"ASAH-BXL\",\"description\":\"\",\"publisher\":{\"@id\":\"https:\/\/asah-bxl.be\/#organization\"},\"potentialAction\":[{\"@type\":\"SearchAction\",\"target\":{\"@type\":\"EntryPoint\",\"urlTemplate\":\"https:\/\/asah-bxl.be\/?s={search_term_string}\"},\"query-input\":{\"@type\":\"PropertyValueSpecification\",\"valueRequired\":true,\"valueName\":\"search_term_string\"}}],\"inLanguage\":\"fr-FR\"},{\"@type\":\"Organization\",\"@id\":\"https:\/\/asah-bxl.be\/#organization\",\"name\":\"ASAH-BXL\",\"url\":\"https:\/\/asah-bxl.be\/\",\"logo\":{\"@type\":\"ImageObject\",\"inLanguage\":\"fr-FR\",\"@id\":\"https:\/\/asah-bxl.be\/#\/schema\/logo\/image\/\",\"url\":\"https:\/\/asah-bxl.be\/wp-content\/uploads\/2020\/02\/cropped-Sans-titre-6-3-9.png\",\"contentUrl\":\"https:\/\/asah-bxl.be\/wp-content\/uploads\/2020\/02\/cropped-Sans-titre-6-3-9.png\",\"width\":724,\"height\":528,\"caption\":\"ASAH-BXL\"},\"image\":{\"@id\":\"https:\/\/asah-bxl.be\/#\/schema\/logo\/image\/\"}}]}<\/script>\n<!-- \/ Yoast SEO plugin. -->","yoast_head_json":{"title":"Saham - ASAH-BXL","robots":{"index":"index","follow":"follow","max-snippet":"max-snippet:-1","max-image-preview":"max-image-preview:large","max-video-preview":"max-video-preview:-1"},"canonical":"https:\/\/asah-bxl.be\/index.php\/services\/saham\/","og_locale":"fr_FR","og_type":"article","og_title":"Saham - ASAH-BXL","og_description":"\u2709 Rue Gillebertus, 25 &#8211; 1090 Bruxelles \u260f 02\/426.26.19 &nbsp; info@saham.be Le\u00a0Saham\u00a0est un service d\u2019accompagnement reconnu et\u00a0subsidi\u00e9 par la\u00a0Cocof.Nous proposons\u00a0de l\u2019aide et du soutien aux personnes pr\u00e9sentant des difficult\u00e9s li\u00e9es \u00e0 un handicap mental l\u00e9ger \u00e0 mod\u00e9r\u00e9.Le\u00a0Saham\u00a0aide \u00e0 conserver ou \u00e0 acqu\u00e9rir l\u2019autonomie par un soutien individualis\u00e9 dansles actes de la vie quotidienne. Notre travail En savoir plus surSaham[&hellip;]","og_url":"https:\/\/asah-bxl.be\/index.php\/services\/saham\/","og_site_name":"ASAH-BXL","article_modified_time":"2022-10-20T09:58:40+00:00","og_image":[{"url":"http:\/\/asah-bxl.be\/wp-content\/uploads\/2020\/02\/unnamed.png"}],"twitter_card":"summary_large_image","twitter_misc":{"Dur\u00e9e de lecture estim\u00e9e":"1 minute"},"schema":{"@context":"https:\/\/schema.org","@graph":[{"@type":"WebPage","@id":"https:\/\/asah-bxl.be\/index.php\/services\/saham\/","url":"https:\/\/asah-bxl.be\/index.php\/services\/saham\/","name":"Saham - ASAH-BXL","isPartOf":{"@id":"https:\/\/asah-bxl.be\/#website"},"primaryImageOfPage":{"@id":"https:\/\/asah-bxl.be\/index.php\/services\/saham\/#primaryimage"},"image":{"@id":"https:\/\/asah-bxl.be\/index.php\/services\/saham\/#primaryimage"},"thumbnailUrl":"http:\/\/asah-bxl.be\/wp-content\/uploads\/2020\/02\/unnamed.png","datePublished":"2020-02-14T10:32:13+00:00","dateModified":"2022-10-20T09:58:40+00:00","breadcrumb":{"@id":"https:\/\/asah-bxl.be\/index.php\/services\/saham\/#breadcrumb"},"inLanguage":"fr-FR","potentialAction":[{"@type":"ReadAction","target":["https:\/\/asah-bxl.be\/index.php\/services\/saham\/"]}]},{"@type":"ImageObject","inLanguage":"fr-FR","@id":"https:\/\/asah-bxl.be\/index.php\/services\/saham\/#primaryimage","url":"http:\/\/asah-bxl.be\/wp-content\/uploads\/2020\/02\/unnamed.png","contentUrl":"http:\/\/asah-bxl.be\/wp-content\/uploads\/2020\/02\/unnamed.png"},{"@type":"BreadcrumbList","@id":"https:\/\/asah-bxl.be\/index.php\/services\/saham\/#breadcrumb","itemListElement":[{"@type":"ListItem","position":1,"name":"Accueil","item":"https:\/\/asah-bxl.be\/"},{"@type":"ListItem","position":2,"name":"Services","item":"https:\/\/asah-bxl.be\/index.php\/services\/"},{"@type":"ListItem","position":3,"name":"Saham"}]},{"@type":"WebSite","@id":"https:\/\/asah-bxl.be\/#website","url":"https:\/\/asah-bxl.be\/","name":"ASAH-BXL","description":"","publisher":{"@id":"https:\/\/asah-bxl.be\/#organization"},"potentialAction":[{"@type":"SearchAction","target":{"@type":"EntryPoint","urlTemplate":"https:\/\/asah-bxl.be\/?s={search_term_string}"},"query-input":{"@type":"PropertyValueSpecification","valueRequired":true,"valueName":"search_term_string"}}],"inLanguage":"fr-FR"},{"@type":"Organization","@id":"https:\/\/asah-bxl.be\/#organization","name":"ASAH-BXL","url":"https:\/\/asah-bxl.be\/","logo":{"@type":"ImageObject","inLanguage":"fr-FR","@id":"https:\/\/asah-bxl.be\/#\/schema\/logo\/image\/","url":"https:\/\/asah-bxl.be\/wp-content\/uploads\/2020\/02\/cropped-Sans-titre-6-3-9.png","contentUrl":"https:\/\/asah-bxl.be\/wp-content\/uploads\/2020\/02\/cropped-Sans-titre-6-3-9.png","width":724,"height":528,"caption":"ASAH-BXL"},"image":{"@id":"https:\/\/asah-bxl.be\/#\/schema\/logo\/image\/"}}]}},"_links":{"self":[{"href":"https:\/\/asah-bxl.be\/index.php\/wp-json\/wp\/v2\/pages\/148","targetHints":{"allow":["GET"]}}],"collection":[{"href":"https:\/\/asah-bxl.be\/index.php\/wp-json\/wp\/v2\/pages"}],"about":[{"href":"https:\/\/asah-bxl.be\/index.php\/wp-json\/wp\/v2\/types\/page"}],"author":[{"embeddable":true,"href":"https:\/\/asah-bxl.be\/index.php\/wp-json\/wp\/v2\/users\/1"}],"replies":[{"embeddable":true,"href":"https:\/\/asah-bxl.be\/index.php\/wp-json\/wp\/v2\/comments?post=148"}],"version-history":[{"count":6,"href":"https:\/\/asah-bxl.be\/index.php\/wp-json\/wp\/v2\/pages\/148\/revisions"}],"predecessor-version":[{"id":755,"href":"https:\/\/asah-bxl.be\/index.php\/wp-json\/wp\/v2\/pages\/148\/revisions\/755"}],"up":[{"embeddable":true,"href":"https:\/\/asah-bxl.be\/index.php\/wp-json\/wp\/v2\/pages\/98"}],"wp:attachment":[{"href":"https:\/\/asah-bxl.be\/index.php\/wp-json\/wp\/v2\/media?parent=148"}],"curies":[{"name":"wp","href":"https:\/\/api.w.org\/{rel}","templated":true}]}}