{"id":150,"date":"2020-02-14T11:32:13","date_gmt":"2020-02-14T10:32:13","guid":{"rendered":"http:\/\/asah-bxl.be\/?page_id=150"},"modified":"2022-10-18T14:45:57","modified_gmt":"2022-10-18T12:45:57","slug":"saphir","status":"publish","type":"page","link":"https:\/\/asah-bxl.be\/index.php\/services\/saphir\/","title":{"rendered":"Saphir"},"content":{"rendered":"\n<pre class=\"wp-block-preformatted\"><\/pre>\n\n\n\n<figure class=\"wp-block-image size-large is-resized\"><img decoding=\"async\" src=\"https:\/\/asah-bxl.be\/wp-content\/uploads\/2020\/02\/logo-saphir.png\" alt=\"\" class=\"wp-image-288\" width=\"404\" height=\"112\"\/><\/figure>\n\n\n\n<pre class=\"wp-block-preformatted\"><\/pre>\n\n\n\n<p>\u2709\nAvenue Joseph Baeck, 76 bte 29 &#8211; 1080 Bruxelles<\/p>\n\n\n\n<p>\u260f\n02\/411.37.43<\/p>\n\n\n\n<p>info@saphir-bruxelles.be<\/p>\n\n\n\n<p>SAPHIR-Bruxelles (Service d&rsquo;Accompagnement pour Personnes en situation de Handicap &#8211; Inclusion et R\u00e9seau) est un service d&rsquo;accompagnement qui s&rsquo;adresse aux enfants et jeunes de 0 \u00e0 23 ans pr\u00e9sentant: &#8211; Une trisomie 21 &#8211; Une dysphasie<br>Le service accomplit les missions suivantes<br>* Pour des enfants en bas \u00e2ge et leur famille: assurer une aide pr\u00e9coce<br>* Pour des enfants en \u00e2ge scolaire, assurer un prolongement \u00e0 l&rsquo;aide pr\u00e9coce dans l&rsquo;enseignement ordinaire ou sp\u00e9cialis\u00e9.<\/p>\n\n\n\n<p>Notre service accomplit les missions suivantes:<br>Pour des enfants en bas \u00e2ge et leur famille, parfois m\u00eame avant leur naissance, assurer une aide pr\u00e9coce, consistant en une aide \u00e9ducative, psychologique et sociale \u00e0 l&rsquo;enfant et \u00e0 sa famille, ainsi qu&rsquo;une aide technique par un soutien individualis\u00e9 \u00e0 domicile et dans les diff\u00e9rents lieux de vie<br>Pour des enfants et les jeunes en \u00e2ge scolaire, assurer un prolongement \u00e0 l&rsquo;aide pr\u00e9coce dans l&rsquo;enseignement ordinaire ou sp\u00e9cialis\u00e9 en accentuant petit \u00e0 petit la relation enfant-famille-\u00e9cole.<br>Concernant l&rsquo;int\u00e9gration dans l&rsquo;enseignement ordinaire, le service pr\u00e9pare et participe \u00e0 la construction du projet avec tous les intervenants, avec l&rsquo;\u00e9quipe \u00e9ducative et la famille.<\/p>\n\n\n\n<p><a href=\"http:\/\/saphir-bruxelles.be\/\" target=\"_blank\" rel=\"noreferrer noopener\" aria-label=\"saphir-bruxelles.be (s\u2019ouvre dans un nouvel onglet)\">saphir-bruxelles.be<\/a><\/p>\n","protected":false},"excerpt":{"rendered":"<p>\u2709 Avenue Joseph Baeck, 76 bte 29 &#8211; 1080 Bruxelles \u260f 02\/411.37.43 info@saphir-bruxelles.be SAPHIR-Bruxelles (Service d&rsquo;Accompagnement pour Personnes en situation de Handicap &#8211; Inclusion et R\u00e9seau) est un service d&rsquo;accompagnement qui s&rsquo;adresse aux enfants et jeunes de 0 \u00e0 23 ans pr\u00e9sentant: &#8211; Une trisomie 21 &#8211; Une dysphasieLe service accomplit les missions suivantes* Pour <a href=\"https:\/\/asah-bxl.be\/index.php\/services\/saphir\/\" rel=\"nofollow\"><span class=\"sr-only\">En savoir plus surSaphir<\/span>[&hellip;]<\/a><\/p>\n","protected":false},"author":1,"featured_media":0,"parent":98,"menu_order":0,"comment_status":"closed","ping_status":"closed","template":"","meta":{"_bbp_topic_count":0,"_bbp_reply_count":0,"_bbp_total_topic_count":0,"_bbp_total_reply_count":0,"_bbp_voice_count":0,"_bbp_anonymous_reply_count":0,"_bbp_topic_count_hidden":0,"_bbp_reply_count_hidden":0,"_bbp_forum_subforum_count":0,"footnotes":""},"class_list":["post-150","page","type-page","status-publish","hentry"],"yoast_head":"<!-- This site is optimized with the Yoast SEO plugin v23.4 - https:\/\/yoast.com\/wordpress\/plugins\/seo\/ -->\n<title>Saphir - ASAH-BXL<\/title>\n<meta name=\"robots\" content=\"index, follow, max-snippet:-1, max-image-preview:large, max-video-preview:-1\" \/>\n<link rel=\"canonical\" href=\"https:\/\/asah-bxl.be\/index.php\/services\/saphir\/\" \/>\n<meta property=\"og:locale\" content=\"fr_FR\" \/>\n<meta property=\"og:type\" content=\"article\" \/>\n<meta property=\"og:title\" content=\"Saphir - ASAH-BXL\" \/>\n<meta property=\"og:description\" content=\"\u2709 Avenue Joseph Baeck, 76 bte 29 &#8211; 1080 Bruxelles \u260f 02\/411.37.43 info@saphir-bruxelles.be SAPHIR-Bruxelles (Service d&rsquo;Accompagnement pour Personnes en situation de Handicap &#8211; Inclusion et R\u00e9seau) est un service d&rsquo;accompagnement qui s&rsquo;adresse aux enfants et jeunes de 0 \u00e0 23 ans pr\u00e9sentant: &#8211; Une trisomie 21 &#8211; Une dysphasieLe service accomplit les missions suivantes* Pour En savoir plus surSaphir[&hellip;]\" \/>\n<meta property=\"og:url\" content=\"https:\/\/asah-bxl.be\/index.php\/services\/saphir\/\" \/>\n<meta property=\"og:site_name\" content=\"ASAH-BXL\" \/>\n<meta property=\"article:modified_time\" content=\"2022-10-18T12:45:57+00:00\" \/>\n<meta property=\"og:image\" content=\"http:\/\/asah-bxl.be\/wp-content\/uploads\/2020\/02\/logo-saphir.png\" \/>\n<meta name=\"twitter:card\" content=\"summary_large_image\" \/>\n<meta name=\"twitter:label1\" content=\"Dur\u00e9e de lecture estim\u00e9e\" \/>\n\t<meta name=\"twitter:data1\" content=\"2 minutes\" \/>\n<script type=\"application\/ld+json\" class=\"yoast-schema-graph\">{\"@context\":\"https:\/\/schema.org\",\"@graph\":[{\"@type\":\"WebPage\",\"@id\":\"https:\/\/asah-bxl.be\/index.php\/services\/saphir\/\",\"url\":\"https:\/\/asah-bxl.be\/index.php\/services\/saphir\/\",\"name\":\"Saphir - ASAH-BXL\",\"isPartOf\":{\"@id\":\"https:\/\/asah-bxl.be\/#website\"},\"primaryImageOfPage\":{\"@id\":\"https:\/\/asah-bxl.be\/index.php\/services\/saphir\/#primaryimage\"},\"image\":{\"@id\":\"https:\/\/asah-bxl.be\/index.php\/services\/saphir\/#primaryimage\"},\"thumbnailUrl\":\"http:\/\/asah-bxl.be\/wp-content\/uploads\/2020\/02\/logo-saphir.png\",\"datePublished\":\"2020-02-14T10:32:13+00:00\",\"dateModified\":\"2022-10-18T12:45:57+00:00\",\"breadcrumb\":{\"@id\":\"https:\/\/asah-bxl.be\/index.php\/services\/saphir\/#breadcrumb\"},\"inLanguage\":\"fr-FR\",\"potentialAction\":[{\"@type\":\"ReadAction\",\"target\":[\"https:\/\/asah-bxl.be\/index.php\/services\/saphir\/\"]}]},{\"@type\":\"ImageObject\",\"inLanguage\":\"fr-FR\",\"@id\":\"https:\/\/asah-bxl.be\/index.php\/services\/saphir\/#primaryimage\",\"url\":\"http:\/\/asah-bxl.be\/wp-content\/uploads\/2020\/02\/logo-saphir.png\",\"contentUrl\":\"http:\/\/asah-bxl.be\/wp-content\/uploads\/2020\/02\/logo-saphir.png\"},{\"@type\":\"BreadcrumbList\",\"@id\":\"https:\/\/asah-bxl.be\/index.php\/services\/saphir\/#breadcrumb\",\"itemListElement\":[{\"@type\":\"ListItem\",\"position\":1,\"name\":\"Accueil\",\"item\":\"https:\/\/asah-bxl.be\/\"},{\"@type\":\"ListItem\",\"position\":2,\"name\":\"Services\",\"item\":\"https:\/\/asah-bxl.be\/index.php\/services\/\"},{\"@type\":\"ListItem\",\"position\":3,\"name\":\"Saphir\"}]},{\"@type\":\"WebSite\",\"@id\":\"https:\/\/asah-bxl.be\/#website\",\"url\":\"https:\/\/asah-bxl.be\/\",\"name\":\"ASAH-BXL\",\"description\":\"\",\"publisher\":{\"@id\":\"https:\/\/asah-bxl.be\/#organization\"},\"potentialAction\":[{\"@type\":\"SearchAction\",\"target\":{\"@type\":\"EntryPoint\",\"urlTemplate\":\"https:\/\/asah-bxl.be\/?s={search_term_string}\"},\"query-input\":{\"@type\":\"PropertyValueSpecification\",\"valueRequired\":true,\"valueName\":\"search_term_string\"}}],\"inLanguage\":\"fr-FR\"},{\"@type\":\"Organization\",\"@id\":\"https:\/\/asah-bxl.be\/#organization\",\"name\":\"ASAH-BXL\",\"url\":\"https:\/\/asah-bxl.be\/\",\"logo\":{\"@type\":\"ImageObject\",\"inLanguage\":\"fr-FR\",\"@id\":\"https:\/\/asah-bxl.be\/#\/schema\/logo\/image\/\",\"url\":\"https:\/\/asah-bxl.be\/wp-content\/uploads\/2020\/02\/cropped-Sans-titre-6-3-9.png\",\"contentUrl\":\"https:\/\/asah-bxl.be\/wp-content\/uploads\/2020\/02\/cropped-Sans-titre-6-3-9.png\",\"width\":724,\"height\":528,\"caption\":\"ASAH-BXL\"},\"image\":{\"@id\":\"https:\/\/asah-bxl.be\/#\/schema\/logo\/image\/\"}}]}<\/script>\n<!-- \/ Yoast SEO plugin. -->","yoast_head_json":{"title":"Saphir - ASAH-BXL","robots":{"index":"index","follow":"follow","max-snippet":"max-snippet:-1","max-image-preview":"max-image-preview:large","max-video-preview":"max-video-preview:-1"},"canonical":"https:\/\/asah-bxl.be\/index.php\/services\/saphir\/","og_locale":"fr_FR","og_type":"article","og_title":"Saphir - ASAH-BXL","og_description":"\u2709 Avenue Joseph Baeck, 76 bte 29 &#8211; 1080 Bruxelles \u260f 02\/411.37.43 info@saphir-bruxelles.be SAPHIR-Bruxelles (Service d&rsquo;Accompagnement pour Personnes en situation de Handicap &#8211; Inclusion et R\u00e9seau) est un service d&rsquo;accompagnement qui s&rsquo;adresse aux enfants et jeunes de 0 \u00e0 23 ans pr\u00e9sentant: &#8211; Une trisomie 21 &#8211; Une dysphasieLe service accomplit les missions suivantes* Pour En savoir plus surSaphir[&hellip;]","og_url":"https:\/\/asah-bxl.be\/index.php\/services\/saphir\/","og_site_name":"ASAH-BXL","article_modified_time":"2022-10-18T12:45:57+00:00","og_image":[{"url":"http:\/\/asah-bxl.be\/wp-content\/uploads\/2020\/02\/logo-saphir.png"}],"twitter_card":"summary_large_image","twitter_misc":{"Dur\u00e9e de lecture estim\u00e9e":"2 minutes"},"schema":{"@context":"https:\/\/schema.org","@graph":[{"@type":"WebPage","@id":"https:\/\/asah-bxl.be\/index.php\/services\/saphir\/","url":"https:\/\/asah-bxl.be\/index.php\/services\/saphir\/","name":"Saphir - ASAH-BXL","isPartOf":{"@id":"https:\/\/asah-bxl.be\/#website"},"primaryImageOfPage":{"@id":"https:\/\/asah-bxl.be\/index.php\/services\/saphir\/#primaryimage"},"image":{"@id":"https:\/\/asah-bxl.be\/index.php\/services\/saphir\/#primaryimage"},"thumbnailUrl":"http:\/\/asah-bxl.be\/wp-content\/uploads\/2020\/02\/logo-saphir.png","datePublished":"2020-02-14T10:32:13+00:00","dateModified":"2022-10-18T12:45:57+00:00","breadcrumb":{"@id":"https:\/\/asah-bxl.be\/index.php\/services\/saphir\/#breadcrumb"},"inLanguage":"fr-FR","potentialAction":[{"@type":"ReadAction","target":["https:\/\/asah-bxl.be\/index.php\/services\/saphir\/"]}]},{"@type":"ImageObject","inLanguage":"fr-FR","@id":"https:\/\/asah-bxl.be\/index.php\/services\/saphir\/#primaryimage","url":"http:\/\/asah-bxl.be\/wp-content\/uploads\/2020\/02\/logo-saphir.png","contentUrl":"http:\/\/asah-bxl.be\/wp-content\/uploads\/2020\/02\/logo-saphir.png"},{"@type":"BreadcrumbList","@id":"https:\/\/asah-bxl.be\/index.php\/services\/saphir\/#breadcrumb","itemListElement":[{"@type":"ListItem","position":1,"name":"Accueil","item":"https:\/\/asah-bxl.be\/"},{"@type":"ListItem","position":2,"name":"Services","item":"https:\/\/asah-bxl.be\/index.php\/services\/"},{"@type":"ListItem","position":3,"name":"Saphir"}]},{"@type":"WebSite","@id":"https:\/\/asah-bxl.be\/#website","url":"https:\/\/asah-bxl.be\/","name":"ASAH-BXL","description":"","publisher":{"@id":"https:\/\/asah-bxl.be\/#organization"},"potentialAction":[{"@type":"SearchAction","target":{"@type":"EntryPoint","urlTemplate":"https:\/\/asah-bxl.be\/?s={search_term_string}"},"query-input":{"@type":"PropertyValueSpecification","valueRequired":true,"valueName":"search_term_string"}}],"inLanguage":"fr-FR"},{"@type":"Organization","@id":"https:\/\/asah-bxl.be\/#organization","name":"ASAH-BXL","url":"https:\/\/asah-bxl.be\/","logo":{"@type":"ImageObject","inLanguage":"fr-FR","@id":"https:\/\/asah-bxl.be\/#\/schema\/logo\/image\/","url":"https:\/\/asah-bxl.be\/wp-content\/uploads\/2020\/02\/cropped-Sans-titre-6-3-9.png","contentUrl":"https:\/\/asah-bxl.be\/wp-content\/uploads\/2020\/02\/cropped-Sans-titre-6-3-9.png","width":724,"height":528,"caption":"ASAH-BXL"},"image":{"@id":"https:\/\/asah-bxl.be\/#\/schema\/logo\/image\/"}}]}},"_links":{"self":[{"href":"https:\/\/asah-bxl.be\/index.php\/wp-json\/wp\/v2\/pages\/150","targetHints":{"allow":["GET"]}}],"collection":[{"href":"https:\/\/asah-bxl.be\/index.php\/wp-json\/wp\/v2\/pages"}],"about":[{"href":"https:\/\/asah-bxl.be\/index.php\/wp-json\/wp\/v2\/types\/page"}],"author":[{"embeddable":true,"href":"https:\/\/asah-bxl.be\/index.php\/wp-json\/wp\/v2\/users\/1"}],"replies":[{"embeddable":true,"href":"https:\/\/asah-bxl.be\/index.php\/wp-json\/wp\/v2\/comments?post=150"}],"version-history":[{"count":6,"href":"https:\/\/asah-bxl.be\/index.php\/wp-json\/wp\/v2\/pages\/150\/revisions"}],"predecessor-version":[{"id":723,"href":"https:\/\/asah-bxl.be\/index.php\/wp-json\/wp\/v2\/pages\/150\/revisions\/723"}],"up":[{"embeddable":true,"href":"https:\/\/asah-bxl.be\/index.php\/wp-json\/wp\/v2\/pages\/98"}],"wp:attachment":[{"href":"https:\/\/asah-bxl.be\/index.php\/wp-json\/wp\/v2\/media?parent=150"}],"curies":[{"name":"wp","href":"https:\/\/api.w.org\/{rel}","templated":true}]}}