{"id":152,"date":"2020-02-14T11:32:13","date_gmt":"2020-02-14T10:32:13","guid":{"rendered":"http:\/\/asah-bxl.be\/?page_id=152"},"modified":"2022-10-20T11:48:09","modified_gmt":"2022-10-20T09:48:09","slug":"susa","status":"publish","type":"page","link":"https:\/\/asah-bxl.be\/index.php\/services\/susa\/","title":{"rendered":"S.U.S.A. Bruxelles"},"content":{"rendered":"\n<pre class=\"wp-block-preformatted\"><\/pre>\n\n\n\n<figure class=\"wp-block-image size-large is-resized\"><img fetchpriority=\"high\" decoding=\"async\" src=\"https:\/\/asah-bxl.be\/wp-content\/uploads\/2020\/02\/unnamed-1.png\" alt=\"\" class=\"wp-image-292\" width=\"322\" height=\"162\"\/><\/figure>\n\n\n\n<pre class=\"wp-block-preformatted\"><\/pre>\n\n\n\n<p>\u2709\nRue d\u2019Enghien\n40 &#8211; 1080 Bruxelles<\/p>\n\n\n\n<p>\u260f\n02\/346.41.70<\/p>\n\n\n\n<p>&nbsp;susa-bruxelles@susa.be<\/p>\n\n\n\n<p>Service d&rsquo;accompagnement pour enfants, adolescents et adultes atteints d&rsquo;autisme ou de d\u00e9ficiences mentales associ\u00e9es \u00e0 des troubles majeurs du comportement<\/p>\n\n\n\n<ul class=\"wp-block-list\"><li>Aide pr\u00e9coce : soutien de type \u00e9ducatif, psychosocial et technique \u00e0 l&rsquo;enfant et \u00e0 sa famille (\u00e0 domicile et dans les diff\u00e9rents lieux de vie)<\/li><li> Aide \u00e0 l&rsquo;int\u00e9gration scolaire en milieu ordinaire<\/li><li>Soutien \u00e0 l&rsquo;autonomie dans les actes de la vie quotidienne<\/li><li>Sensibilisation et information du public int\u00e9ress\u00e9 par l&rsquo;accueil de personnes autistes<\/li><li>ESCAPE : \u00e9quipe de soutien comportemental ambulatoire pour les personnes et les \u00e9quipes : observation et mise au point d&rsquo;un programme d&rsquo;intervention afin d&rsquo;accompagner la personne, sa famille et les \u00e9quipes \u00e9ducatives dans le but d&rsquo;am\u00e9liorer la qualit\u00e9 de vie et de r\u00e9duire les troubles du comportement<\/li><li>Loisirs pour enfants et adolescents le samedi apr\u00e8s-midi et des stages pendant les cong\u00e9s scolaires<\/li><li>Participation au projet R\u00e9pit destin\u00e9 aux adultes de grande d\u00e9pendance et mis en place par PHARE<\/li><li>Formations destin\u00e9es aux parents et aux professionnels<\/li><\/ul>\n\n\n\n<p><\/p>\n\n\n\n<p><a href=\"http:\/\/www.susa.be\/index.php\/services\/accompagnement\/region-bruxelloise\">http:\/\/www.susa.be\/index.php\/services\/accompagnement\/region-bruxelloise<\/a><\/p>\n","protected":false},"excerpt":{"rendered":"<p>\u2709 Rue d\u2019Enghien 40 &#8211; 1080 Bruxelles \u260f 02\/346.41.70 &nbsp;susa-bruxelles@susa.be Service d&rsquo;accompagnement pour enfants, adolescents et adultes atteints d&rsquo;autisme ou de d\u00e9ficiences mentales associ\u00e9es \u00e0 des troubles majeurs du comportement Aide pr\u00e9coce : soutien de type \u00e9ducatif, psychosocial et technique \u00e0 l&rsquo;enfant et \u00e0 sa famille (\u00e0 domicile et dans les diff\u00e9rents lieux de vie) <a href=\"https:\/\/asah-bxl.be\/index.php\/services\/susa\/\" rel=\"nofollow\"><span class=\"sr-only\">En savoir plus surS.U.S.A. Bruxelles<\/span>[&hellip;]<\/a><\/p>\n","protected":false},"author":1,"featured_media":0,"parent":98,"menu_order":0,"comment_status":"closed","ping_status":"closed","template":"","meta":{"_bbp_topic_count":0,"_bbp_reply_count":0,"_bbp_total_topic_count":0,"_bbp_total_reply_count":0,"_bbp_voice_count":0,"_bbp_anonymous_reply_count":0,"_bbp_topic_count_hidden":0,"_bbp_reply_count_hidden":0,"_bbp_forum_subforum_count":0,"footnotes":""},"class_list":["post-152","page","type-page","status-publish","hentry"],"yoast_head":"<!-- This site is optimized with the Yoast SEO plugin v23.4 - https:\/\/yoast.com\/wordpress\/plugins\/seo\/ -->\n<title>S.U.S.A. Bruxelles - ASAH-BXL<\/title>\n<meta name=\"robots\" content=\"index, follow, max-snippet:-1, max-image-preview:large, max-video-preview:-1\" \/>\n<link rel=\"canonical\" href=\"https:\/\/asah-bxl.be\/index.php\/services\/susa\/\" \/>\n<meta property=\"og:locale\" content=\"fr_FR\" \/>\n<meta property=\"og:type\" content=\"article\" \/>\n<meta property=\"og:title\" content=\"S.U.S.A. Bruxelles - ASAH-BXL\" \/>\n<meta property=\"og:description\" content=\"\u2709 Rue d\u2019Enghien 40 &#8211; 1080 Bruxelles \u260f 02\/346.41.70 &nbsp;susa-bruxelles@susa.be Service d&rsquo;accompagnement pour enfants, adolescents et adultes atteints d&rsquo;autisme ou de d\u00e9ficiences mentales associ\u00e9es \u00e0 des troubles majeurs du comportement Aide pr\u00e9coce : soutien de type \u00e9ducatif, psychosocial et technique \u00e0 l&rsquo;enfant et \u00e0 sa famille (\u00e0 domicile et dans les diff\u00e9rents lieux de vie) En savoir plus surS.U.S.A. Bruxelles[&hellip;]\" \/>\n<meta property=\"og:url\" content=\"https:\/\/asah-bxl.be\/index.php\/services\/susa\/\" \/>\n<meta property=\"og:site_name\" content=\"ASAH-BXL\" \/>\n<meta property=\"article:modified_time\" content=\"2022-10-20T09:48:09+00:00\" \/>\n<meta property=\"og:image\" content=\"http:\/\/asah-bxl.be\/wp-content\/uploads\/2020\/02\/unnamed-1.png\" \/>\n<meta name=\"twitter:card\" content=\"summary_large_image\" \/>\n<meta name=\"twitter:label1\" content=\"Dur\u00e9e de lecture estim\u00e9e\" \/>\n\t<meta name=\"twitter:data1\" content=\"2 minutes\" \/>\n<script type=\"application\/ld+json\" class=\"yoast-schema-graph\">{\"@context\":\"https:\/\/schema.org\",\"@graph\":[{\"@type\":\"WebPage\",\"@id\":\"https:\/\/asah-bxl.be\/index.php\/services\/susa\/\",\"url\":\"https:\/\/asah-bxl.be\/index.php\/services\/susa\/\",\"name\":\"S.U.S.A. Bruxelles - ASAH-BXL\",\"isPartOf\":{\"@id\":\"https:\/\/asah-bxl.be\/#website\"},\"primaryImageOfPage\":{\"@id\":\"https:\/\/asah-bxl.be\/index.php\/services\/susa\/#primaryimage\"},\"image\":{\"@id\":\"https:\/\/asah-bxl.be\/index.php\/services\/susa\/#primaryimage\"},\"thumbnailUrl\":\"http:\/\/asah-bxl.be\/wp-content\/uploads\/2020\/02\/unnamed-1.png\",\"datePublished\":\"2020-02-14T10:32:13+00:00\",\"dateModified\":\"2022-10-20T09:48:09+00:00\",\"breadcrumb\":{\"@id\":\"https:\/\/asah-bxl.be\/index.php\/services\/susa\/#breadcrumb\"},\"inLanguage\":\"fr-FR\",\"potentialAction\":[{\"@type\":\"ReadAction\",\"target\":[\"https:\/\/asah-bxl.be\/index.php\/services\/susa\/\"]}]},{\"@type\":\"ImageObject\",\"inLanguage\":\"fr-FR\",\"@id\":\"https:\/\/asah-bxl.be\/index.php\/services\/susa\/#primaryimage\",\"url\":\"http:\/\/asah-bxl.be\/wp-content\/uploads\/2020\/02\/unnamed-1.png\",\"contentUrl\":\"http:\/\/asah-bxl.be\/wp-content\/uploads\/2020\/02\/unnamed-1.png\"},{\"@type\":\"BreadcrumbList\",\"@id\":\"https:\/\/asah-bxl.be\/index.php\/services\/susa\/#breadcrumb\",\"itemListElement\":[{\"@type\":\"ListItem\",\"position\":1,\"name\":\"Accueil\",\"item\":\"https:\/\/asah-bxl.be\/\"},{\"@type\":\"ListItem\",\"position\":2,\"name\":\"Services\",\"item\":\"https:\/\/asah-bxl.be\/index.php\/services\/\"},{\"@type\":\"ListItem\",\"position\":3,\"name\":\"S.U.S.A. Bruxelles\"}]},{\"@type\":\"WebSite\",\"@id\":\"https:\/\/asah-bxl.be\/#website\",\"url\":\"https:\/\/asah-bxl.be\/\",\"name\":\"ASAH-BXL\",\"description\":\"\",\"publisher\":{\"@id\":\"https:\/\/asah-bxl.be\/#organization\"},\"potentialAction\":[{\"@type\":\"SearchAction\",\"target\":{\"@type\":\"EntryPoint\",\"urlTemplate\":\"https:\/\/asah-bxl.be\/?s={search_term_string}\"},\"query-input\":{\"@type\":\"PropertyValueSpecification\",\"valueRequired\":true,\"valueName\":\"search_term_string\"}}],\"inLanguage\":\"fr-FR\"},{\"@type\":\"Organization\",\"@id\":\"https:\/\/asah-bxl.be\/#organization\",\"name\":\"ASAH-BXL\",\"url\":\"https:\/\/asah-bxl.be\/\",\"logo\":{\"@type\":\"ImageObject\",\"inLanguage\":\"fr-FR\",\"@id\":\"https:\/\/asah-bxl.be\/#\/schema\/logo\/image\/\",\"url\":\"https:\/\/asah-bxl.be\/wp-content\/uploads\/2020\/02\/cropped-Sans-titre-6-3-9.png\",\"contentUrl\":\"https:\/\/asah-bxl.be\/wp-content\/uploads\/2020\/02\/cropped-Sans-titre-6-3-9.png\",\"width\":724,\"height\":528,\"caption\":\"ASAH-BXL\"},\"image\":{\"@id\":\"https:\/\/asah-bxl.be\/#\/schema\/logo\/image\/\"}}]}<\/script>\n<!-- \/ Yoast SEO plugin. -->","yoast_head_json":{"title":"S.U.S.A. Bruxelles - ASAH-BXL","robots":{"index":"index","follow":"follow","max-snippet":"max-snippet:-1","max-image-preview":"max-image-preview:large","max-video-preview":"max-video-preview:-1"},"canonical":"https:\/\/asah-bxl.be\/index.php\/services\/susa\/","og_locale":"fr_FR","og_type":"article","og_title":"S.U.S.A. Bruxelles - ASAH-BXL","og_description":"\u2709 Rue d\u2019Enghien 40 &#8211; 1080 Bruxelles \u260f 02\/346.41.70 &nbsp;susa-bruxelles@susa.be Service d&rsquo;accompagnement pour enfants, adolescents et adultes atteints d&rsquo;autisme ou de d\u00e9ficiences mentales associ\u00e9es \u00e0 des troubles majeurs du comportement Aide pr\u00e9coce : soutien de type \u00e9ducatif, psychosocial et technique \u00e0 l&rsquo;enfant et \u00e0 sa famille (\u00e0 domicile et dans les diff\u00e9rents lieux de vie) En savoir plus surS.U.S.A. Bruxelles[&hellip;]","og_url":"https:\/\/asah-bxl.be\/index.php\/services\/susa\/","og_site_name":"ASAH-BXL","article_modified_time":"2022-10-20T09:48:09+00:00","og_image":[{"url":"http:\/\/asah-bxl.be\/wp-content\/uploads\/2020\/02\/unnamed-1.png"}],"twitter_card":"summary_large_image","twitter_misc":{"Dur\u00e9e de lecture estim\u00e9e":"2 minutes"},"schema":{"@context":"https:\/\/schema.org","@graph":[{"@type":"WebPage","@id":"https:\/\/asah-bxl.be\/index.php\/services\/susa\/","url":"https:\/\/asah-bxl.be\/index.php\/services\/susa\/","name":"S.U.S.A. Bruxelles - ASAH-BXL","isPartOf":{"@id":"https:\/\/asah-bxl.be\/#website"},"primaryImageOfPage":{"@id":"https:\/\/asah-bxl.be\/index.php\/services\/susa\/#primaryimage"},"image":{"@id":"https:\/\/asah-bxl.be\/index.php\/services\/susa\/#primaryimage"},"thumbnailUrl":"http:\/\/asah-bxl.be\/wp-content\/uploads\/2020\/02\/unnamed-1.png","datePublished":"2020-02-14T10:32:13+00:00","dateModified":"2022-10-20T09:48:09+00:00","breadcrumb":{"@id":"https:\/\/asah-bxl.be\/index.php\/services\/susa\/#breadcrumb"},"inLanguage":"fr-FR","potentialAction":[{"@type":"ReadAction","target":["https:\/\/asah-bxl.be\/index.php\/services\/susa\/"]}]},{"@type":"ImageObject","inLanguage":"fr-FR","@id":"https:\/\/asah-bxl.be\/index.php\/services\/susa\/#primaryimage","url":"http:\/\/asah-bxl.be\/wp-content\/uploads\/2020\/02\/unnamed-1.png","contentUrl":"http:\/\/asah-bxl.be\/wp-content\/uploads\/2020\/02\/unnamed-1.png"},{"@type":"BreadcrumbList","@id":"https:\/\/asah-bxl.be\/index.php\/services\/susa\/#breadcrumb","itemListElement":[{"@type":"ListItem","position":1,"name":"Accueil","item":"https:\/\/asah-bxl.be\/"},{"@type":"ListItem","position":2,"name":"Services","item":"https:\/\/asah-bxl.be\/index.php\/services\/"},{"@type":"ListItem","position":3,"name":"S.U.S.A. Bruxelles"}]},{"@type":"WebSite","@id":"https:\/\/asah-bxl.be\/#website","url":"https:\/\/asah-bxl.be\/","name":"ASAH-BXL","description":"","publisher":{"@id":"https:\/\/asah-bxl.be\/#organization"},"potentialAction":[{"@type":"SearchAction","target":{"@type":"EntryPoint","urlTemplate":"https:\/\/asah-bxl.be\/?s={search_term_string}"},"query-input":{"@type":"PropertyValueSpecification","valueRequired":true,"valueName":"search_term_string"}}],"inLanguage":"fr-FR"},{"@type":"Organization","@id":"https:\/\/asah-bxl.be\/#organization","name":"ASAH-BXL","url":"https:\/\/asah-bxl.be\/","logo":{"@type":"ImageObject","inLanguage":"fr-FR","@id":"https:\/\/asah-bxl.be\/#\/schema\/logo\/image\/","url":"https:\/\/asah-bxl.be\/wp-content\/uploads\/2020\/02\/cropped-Sans-titre-6-3-9.png","contentUrl":"https:\/\/asah-bxl.be\/wp-content\/uploads\/2020\/02\/cropped-Sans-titre-6-3-9.png","width":724,"height":528,"caption":"ASAH-BXL"},"image":{"@id":"https:\/\/asah-bxl.be\/#\/schema\/logo\/image\/"}}]}},"_links":{"self":[{"href":"https:\/\/asah-bxl.be\/index.php\/wp-json\/wp\/v2\/pages\/152","targetHints":{"allow":["GET"]}}],"collection":[{"href":"https:\/\/asah-bxl.be\/index.php\/wp-json\/wp\/v2\/pages"}],"about":[{"href":"https:\/\/asah-bxl.be\/index.php\/wp-json\/wp\/v2\/types\/page"}],"author":[{"embeddable":true,"href":"https:\/\/asah-bxl.be\/index.php\/wp-json\/wp\/v2\/users\/1"}],"replies":[{"embeddable":true,"href":"https:\/\/asah-bxl.be\/index.php\/wp-json\/wp\/v2\/comments?post=152"}],"version-history":[{"count":9,"href":"https:\/\/asah-bxl.be\/index.php\/wp-json\/wp\/v2\/pages\/152\/revisions"}],"predecessor-version":[{"id":753,"href":"https:\/\/asah-bxl.be\/index.php\/wp-json\/wp\/v2\/pages\/152\/revisions\/753"}],"up":[{"embeddable":true,"href":"https:\/\/asah-bxl.be\/index.php\/wp-json\/wp\/v2\/pages\/98"}],"wp:attachment":[{"href":"https:\/\/asah-bxl.be\/index.php\/wp-json\/wp\/v2\/media?parent=152"}],"curies":[{"name":"wp","href":"https:\/\/api.w.org\/{rel}","templated":true}]}}